{"id":738,"date":"2024-10-04T09:52:57","date_gmt":"2024-10-04T08:52:57","guid":{"rendered":"https:\/\/autonardiexpress.com\/shop\/?post_type=product&#038;p=738"},"modified":"2024-10-04T16:36:17","modified_gmt":"2024-10-04T15:36:17","slug":"guanicion-testate-17","status":"publish","type":"product","link":"https:\/\/autonardiexpress.com\/shop\/produkt\/guanicion-testate-17\/","title":{"rendered":"Guanicion testate"},"content":{"rendered":"<h3><span style=\"color: #008000\">Gasket\u00a0 cylinder head\u00a0\u00a0 <\/span><span style=\"color: #ff0000\">\u2116:<\/span> <span style=\"color: #000080\">10049600<\/span> <span class=\"highlight\"><img loading=\"lazy\" decoding=\"async\" class=\"brand_image lazyloaded\" title=\"\u039c\u03ac\u03c1\u03ba\u03b1\" src=\"https:\/\/cdn.pkwteile.de\/brands\/thumbs\/147.png?m=2&amp;ccf=15381741\" alt=\"AJUSA \u03a6\u03bb\u03ac\u03bd\u03c4\u03b6\u03b1, \u03ba\u03b5\u03c6\u03b1\u03bb\u03ae \u03ba\u03c5\u03bb\u03af\u03bd\u03b4\u03c1\u03bf\u03c5 \u0391\u03c1\u03b9\u03b8\u03bc\u03cc\u03c2 \u03c0\u03c1\u03bf\u03ca\u03cc\u03bd\u03c4\u03bf\u03c2 10026410\" width=\"164\" height=\"67\" data-srcset=\"https:\/\/cdn.pkwteile.de\/brands\/thumbs\/147.png?m=2&amp;ccf=15381741\" \/>\u00a0 \u00a0 \u00a0<\/span><\/h3>\n<h3><span style=\"color: #008000\">\u03a6\u03bb\u03ac\u03bd\u03c4\u03b6\u03b1 \u03ba\u03b5\u03c6\u03b1\u03bb\u03ae \u03ba\u03c5\u03bb\u03af\u03bd\u03b4\u03c1\u03bf\u03c5<\/span><\/h3>\n<h3><span style=\"color: #008000\">Guarnizione testata<\/span><\/h3>\n<h3><span style=\"color: #993300\">T\u00eb ngjash\u00ebm me numrat\u00a0OEM\u00a0vet\u00ebm p\u00ebr krahasim<\/span><\/h3>\n<ul class=\"pkw-oem__ul\">\n<li><span style=\"color: #0000ff\"><strong>ALFA ROMEO 5891282<\/strong><\/span><\/li>\n<li><span style=\"color: #0000ff\"><strong><span class=\"pkw-oem__link\">BERLIET 5001001231<\/span><\/strong><\/span><\/li>\n<li><span style=\"color: #0000ff\"><strong>IVECO 3210061<\/strong><\/span><\/li>\n<li><span style=\"color: #0000ff\"><strong><span class=\"pkw-oem__link\">IVECO 3214139<\/span><\/strong><\/span><\/li>\n<li><span style=\"color: #0000ff\"><strong>IVECO 4731124<\/strong><\/span><\/li>\n<li><span style=\"color: #0000ff\"><strong>IVECO 4741124<\/strong><\/span><\/li>\n<li><span style=\"color: #0000ff\"><strong><span class=\"pkw-oem__link\">IVECO 4741822<\/span><\/strong><\/span><\/li>\n<li><span style=\"color: #0000ff\"><strong><span class=\"pkw-oem__link\">IVECO 8096764<\/span><\/strong><\/span><\/li>\n<li><span style=\"color: #0000ff\"><strong>IVECO 98480250<\/strong><\/span><\/li>\n<li><span style=\"color: #0000ff\"><strong>RENAULT 7701026263<\/strong><\/span><\/li>\n<li><span style=\"color: #0000ff\"><strong><span class=\"pkw-oem__link\">RENAULT 7701038871<\/span><\/strong><\/span><\/li>\n<li><span style=\"color: #0000ff\"><strong>SEAT 3210061<\/strong><\/span><\/li>\n<li><span style=\"color: #0000ff\"><strong><span class=\"pkw-oem__link\">SEAT 3214139<\/span><\/strong><\/span><\/li>\n<li><span style=\"color: #0000ff\"><strong>SEAT 4731124<\/strong><\/span><\/li>\n<li><span style=\"color: #0000ff\"><strong>SEAT 4741124<\/strong><\/span><\/li>\n<li><span style=\"color: #0000ff\"><strong><span class=\"pkw-oem__link\">SEAT 4741822<\/span><\/strong><\/span><\/li>\n<li><span style=\"color: #0000ff\"><strong><span class=\"pkw-oem__link\">SEAT 5001001231<\/span><\/strong><\/span><\/li>\n<li><span style=\"color: #0000ff\"><strong>SEAT 5891282<\/strong><\/span><\/li>\n<li><span style=\"color: #0000ff\"><strong>SEAT 7701026263<\/strong><\/span><\/li>\n<li><span style=\"color: #0000ff\"><strong><span class=\"pkw-oem__link\">SEAT 7701038871<\/span><\/strong><\/span><\/li>\n<li><span style=\"color: #0000ff\"><strong>SEAT 98480250<\/strong><\/span><\/li>\n<\/ul>\n<h3><span style=\"color: #800000\">Prodhuesi Modeli Lloji Fuqia n\u00eb KW Viti i prodhimit\u00a0<\/span><\/h3>\n<ul class=\"pkw-product-models js-ajax-product-compatibility\" data-car-type=\"\">\n<li class=\"pkw-product-maker__line pkw-product-models__line_active\" data-maker-id=\"2\"><span style=\"color: #003300\">ALFA-ROMEO<\/span>\n<ul class=\"pkw-product-models__list\">\n<li class=\"pkw-product-models__product\"><span style=\"color: #003300\"><b class=\"button_dropdown_list loaded\" data-maker=\"2\" data-model=\"3848\" data-prod=\"7496424\"><i class=\"icon arrow\"><\/i>ALFA ROMEO AR6 Van (280) ( 04.1985 &#8211; 02.1986 , 72 PS)<\/b><\/span><\/li>\n<li class=\"pkw-product-models__product\"><span style=\"color: #003300\"><b class=\"button_dropdown_list\" data-maker=\"2\" data-model=\"3850\" data-prod=\"7496424\"><i class=\"icon arrow\"><\/i>ALFA ROMEO AR8 (280) ( 04.1978 &#8211; 08.1986 , 72 PS)<\/b><\/span><\/li>\n<\/ul>\n<\/li>\n<\/ul>\n<ul class=\"pkw-product-models js-ajax-product-compatibility\" data-car-type=\"\">\n<li class=\"pkw-product-maker__line pkw-product-models__line_active\" data-maker-id=\"35\"><span style=\"color: #003300\">FIAT<\/span>\n<ul class=\"pkw-product-models__list\">\n<li class=\"pkw-product-models__product\"><span style=\"color: #003300\"><b class=\"button_dropdown_list\" data-maker=\"35\" data-model=\"149\" data-prod=\"7496424\"><i class=\"icon arrow\"><\/i>FIAT 131 Sedan (131) ( 06.1978 &#8211; 02.1984 , 72 PS)<\/b><\/span><\/li>\n<li class=\"pkw-product-models__product\"><span style=\"color: #003300\"><b class=\"button_dropdown_list\" data-maker=\"35\" data-model=\"154\" data-prod=\"7496424\"><i class=\"icon arrow\"><\/i>FIAT 131 Familiare \/ Panorama (131) ( 03.1979 &#8211; 12.1984 , 72 PS)<\/b><\/span><\/li>\n<li class=\"pkw-product-models__product\"><span style=\"color: #003300\"><b class=\"button_dropdown_list\" data-maker=\"35\" data-model=\"348\" data-prod=\"7496424\"><i class=\"icon arrow\"><\/i>FIAT Argenta (132) ( 06.1981 &#8211; 11.1985 , 72 &#8211; 90 PS)<\/b><\/span><\/li>\n<li class=\"pkw-product-models__product\"><span style=\"color: #003300\"><b class=\"button_dropdown_list\" data-maker=\"35\" data-model=\"1890\" data-prod=\"7496424\"><i class=\"icon arrow\"><\/i>FIAT Ducato I Van (280) ( 01.1982 &#8211; 08.1990 , 72 &#8211; 75 PS)<\/b><\/span><\/li>\n<li class=\"pkw-product-models__product\"><span style=\"color: #003300\"><b class=\"button_dropdown_list\" data-maker=\"35\" data-model=\"3938\" data-prod=\"7496424\"><i class=\"icon arrow\"><\/i>FIAT 132 (132_) ( 07.1978 &#8211; 07.1982 , 72 PS)<\/b><\/span><\/li>\n<li class=\"pkw-product-models__product\"><span style=\"color: #003300\"><b class=\"button_dropdown_list\" data-maker=\"35\" data-model=\"3940\" data-prod=\"7496424\"><i class=\"icon arrow\"><\/i>FIAT Ducato I Panorama (280) ( 07.1982 &#8211; 12.1985 , 72 PS)<\/b><\/span><\/li>\n<li class=\"pkw-product-models__product\"><span style=\"color: #003300\"><b class=\"button_dropdown_list\" data-maker=\"35\" data-model=\"4584\" data-prod=\"7496424\"><i class=\"icon arrow\"><\/i>FIAT Nuova Campagnola ( 06.1974 &#8211; 10.1989 , 72 PS)<\/b><\/span><\/li>\n<\/ul>\n<\/li>\n<\/ul>\n<ul class=\"pkw-product-models js-ajax-product-compatibility\" data-car-type=\"\">\n<li class=\"pkw-product-maker__line pkw-product-models__line_active\" data-maker-id=\"55\"><span class=\"pkw-product-models__line-name\" style=\"color: #003300\">IVECO<\/span>\n<ul class=\"pkw-product-models__list\">\n<li class=\"pkw-product-models__product\"><span style=\"color: #003300\"><b class=\"button_dropdown_list\" data-maker=\"55\" data-model=\"9520\" data-prod=\"7496424\"><i class=\"icon arrow\"><\/i>IVECO Daily I Van \/ Combi ( 01.1978 &#8211; 12.1989 , 72 PS)<\/b><\/span><\/li>\n<li class=\"pkw-product-models__product\"><span style=\"color: #003300\"><b class=\"button_dropdown_list\" data-maker=\"55\" data-model=\"9522\" data-prod=\"7496424\"><i class=\"icon arrow\"><\/i>IVECO Daily I( 01.1978 &#8211; 12.1989 , 72 PS)<\/b><\/span><\/li>\n<\/ul>\n<\/li>\n<\/ul>\n<ul class=\"pkw-product-models js-ajax-product-compatibility\" data-car-type=\"\">\n<li class=\"pkw-product-maker__line pkw-product-models__line_active\" data-maker-id=\"93\"><span style=\"color: #003300\">R<a class=\"pkw-product-models__line-name js-prevent\" style=\"color: #003300\" href=\"https:\/\/www.antallaktikaonline.gr\/renault\">ENAULT<\/a><\/span>\n<ul class=\"pkw-product-models__list\">\n<li class=\"pkw-product-models__product\"><span style=\"color: #003300\"><b class=\"button_dropdown_list\" data-maker=\"93\" data-model=\"186\" data-prod=\"7496424\"><i class=\"icon arrow\"><\/i>RENAULT Safrane I phase 1 Hatchback (B54) ( 12.1992 &#8211; 07.1996 , 113 PS)<\/b><\/span><\/li>\n<li class=\"pkw-product-models__product\"><span style=\"color: #003300\"><b class=\"button_dropdown_list\" data-maker=\"93\" data-model=\"1018\" data-prod=\"7496424\"><i class=\"icon arrow\"><\/i>RENAULT Master I Van ( 07.1980 &#8211; 12.1992 , 68 &#8211; 72 PS)<\/b><\/span><\/li>\n<li class=\"pkw-product-models__product\"><span style=\"color: #003300\"><b class=\"button_dropdown_list\" data-maker=\"93\" data-model=\"4447\" data-prod=\"7496424\"><i class=\"icon arrow\"><\/i>RENAULT Trafic I (P6) ( 03.1980 &#8211; 04.1989 , 69 PS)<\/b><\/span><\/li>\n<li class=\"pkw-product-models__product\"><span style=\"color: #003300\"><b class=\"button_dropdown_list\" data-maker=\"93\" data-model=\"4464\" data-prod=\"7496424\"><i class=\"icon arrow\"><\/i>RENAULT Master I ( 09.1980 &#8211; 07.1998 , 71 PS)<\/b><\/span><\/li>\n<li class=\"pkw-product-models__product\"><span style=\"color: #003300\"><b class=\"button_dropdown_list\" data-maker=\"93\" data-model=\"4468\" data-prod=\"7496424\"><i class=\"icon arrow\"><\/i>RENAULT Master I Microbus ( 08.1980 &#8211; 10.1989 , 71 &#8211; 72 PS)<\/b><\/span><\/li>\n<\/ul>\n<\/li>\n<\/ul>\n<ul class=\"pkw-product-models js-ajax-product-compatibility\" data-car-type=\"\">\n<li class=\"pkw-product-maker__line pkw-product-models__line_active\" data-maker-id=\"694\"><span class=\"pkw-product-models__line-name\" style=\"color: #003300\">RENAULT-TRUCKS<\/span>\n<ul class=\"pkw-product-models__list\">\n<li class=\"pkw-product-models__product\"><span style=\"color: #003300\"><b class=\"button_dropdown_list\" data-maker=\"694\" data-model=\"9531\" data-prod=\"7496424\"><i class=\"icon arrow\"><\/i>RENAULT TRUCKS B ( 01.1983 &#8211; 12.1990 , 72 PS)<\/b><\/span><\/li>\n<li class=\"pkw-product-models__product\"><span style=\"color: #003300\"><b class=\"button_dropdown_list\" data-maker=\"694\" data-model=\"9532\" data-prod=\"7496424\"><i class=\"icon arrow\"><\/i>RENAULT TRUCKS B ( 01.1983 &#8211; 12.1990 , 72 PS)<\/b><\/span><\/li>\n<\/ul>\n<\/li>\n<\/ul>\n<p><span style=\"color: #003300\">SEAT<\/span><\/p>\n<ul class=\"pkw-product-models__list\">\n<li class=\"pkw-product-models__product\"><span style=\"color: #003300\"><b class=\"button_dropdown_list active loaded\" data-maker=\"104\" data-model=\"2029\" data-prod=\"7496424\"><i class=\"icon arrow\"><\/i>SEAT 131 Sedan ( 06.1978 &#8211; 12.1986 , 72 PS)<\/b><\/span><\/li>\n<\/ul>\n<h4><span style=\"color: #003366\">T\u00eb gjitha pjes\u00ebt n\u00eb nj\u00eb v\u00ebnd \u2013 Zgjidhni tuajat n\u00eb faqen ton\u00eb .<\/span><\/h4>\n","protected":false},"excerpt":{"rendered":"<h3><span style=\"color: #003366\">Guanicion testate<\/span>\u00a0\u00a0<span style=\"color: #993300\">\u2116:<\/span>\u00a0<span class=\"highlight\" style=\"color: #000080\">10049600<\/span><\/h3>\n<h3><span class=\"highlight\">\u00a0<img loading=\"lazy\" decoding=\"async\" class=\"brand_image lazyloaded\" title=\"\u039c\u03ac\u03c1\u03ba\u03b1\" src=\"https:\/\/cdn.pkwteile.de\/brands\/thumbs\/147.png?m=2&amp;ccf=15381741\" alt=\"AJUSA \u03a6\u03bb\u03ac\u03bd\u03c4\u03b6\u03b1, \u03ba\u03b5\u03c6\u03b1\u03bb\u03ae \u03ba\u03c5\u03bb\u03af\u03bd\u03b4\u03c1\u03bf\u03c5 \u0391\u03c1\u03b9\u03b8\u03bc\u03cc\u03c2 \u03c0\u03c1\u03bf\u03ca\u03cc\u03bd\u03c4\u03bf\u03c2 10026410\" width=\"164\" height=\"67\" data-srcset=\"https:\/\/cdn.pkwteile.de\/brands\/thumbs\/147.png?m=2&amp;ccf=15381741\" \/>\u00a0 \u00a0<\/span><\/h3>\n<p><strong><span style=\"color: #ff0000\">OEM :<\/span> <span style=\"color: #008000\">5891282<\/span><\/strong><\/p>\n<p><strong><span style=\"color: #0000ff\">EAN :<\/span> <span style=\"color: #000080\">8427769166044<\/span><\/strong><\/p>\n<p><span style=\"color: #003300\"><strong>Guanicion testate \u00d8:95mm<\/strong><\/span> <span style=\"color: #800000\"><em>Fiat Ducato,131 Estate ,Argenta ,Campagnola &amp; Iveco Daily I Box, Renault Master Van,Trafic Mk 1 &amp; Seat 131.2.4-2.5 D\u00a0 Viti.1978-2001<\/em><\/span><\/p>\n<p><span style=\"color: #003300\"><strong>Replacement numbers<\/strong><\/span><\/p>\n<p><span style=\"color: #003366\"><em><strong>CORTECO\u00a0 411248P<\/strong><\/em><\/span><\/p>\n<p><span style=\"color: #003366\"><em><strong>VICTOR REINZ\u00a0 61-31810-00<\/strong><\/em><\/span><\/p>\n<p><span style=\"color: #003366\"><em><strong>ELRING\u00a0 143.280<\/strong><\/em><\/span><\/p>\n<p><span style=\"color: #003366\"><em><strong>PAYEN\u00a0 BE580<\/strong><\/em><\/span><\/p>\n<p><span style=\"color: #003366\"><em><strong>GOETZE 30-024116-10<\/strong><\/em><\/span><\/p>\n<p><span style=\"color: #003366\"><em><strong>GLASER 07684<\/strong><\/em><\/span><\/p>\n<p><span style=\"color: #003366\"><em><strong>BGA CH2347\u00a0<\/strong><\/em><\/span><\/p>\n<p><span style=\"color: #003366\"><em><strong>FAI\u00a0 HG287<\/strong><\/em><\/span><!--more--><!--more--><\/p>\n","protected":false},"featured_media":741,"comment_status":"open","ping_status":"closed","template":"","meta":[],"product_cat":[164,185,115,94,81,79],"product_tag":[],"class_list":["post-738","product","type-product","status-publish","has-post-thumbnail","hentry","product_cat-alfa-romeo","product_cat-berliet","product_cat-fiat","product_cat-guanicion-testate","product_cat-iveco","product_cat-seat"],"_links":{"self":[{"href":"https:\/\/autonardiexpress.com\/shop\/wp-json\/wp\/v2\/product\/738","targetHints":{"allow":["GET"]}}],"collection":[{"href":"https:\/\/autonardiexpress.com\/shop\/wp-json\/wp\/v2\/product"}],"about":[{"href":"https:\/\/autonardiexpress.com\/shop\/wp-json\/wp\/v2\/types\/product"}],"replies":[{"embeddable":true,"href":"https:\/\/autonardiexpress.com\/shop\/wp-json\/wp\/v2\/comments?post=738"}],"wp:featuredmedia":[{"embeddable":true,"href":"https:\/\/autonardiexpress.com\/shop\/wp-json\/wp\/v2\/media\/741"}],"wp:attachment":[{"href":"https:\/\/autonardiexpress.com\/shop\/wp-json\/wp\/v2\/media?parent=738"}],"wp:term":[{"taxonomy":"product_cat","embeddable":true,"href":"https:\/\/autonardiexpress.com\/shop\/wp-json\/wp\/v2\/product_cat?post=738"},{"taxonomy":"product_tag","embeddable":true,"href":"https:\/\/autonardiexpress.com\/shop\/wp-json\/wp\/v2\/product_tag?post=738"}],"curies":[{"name":"wp","href":"https:\/\/api.w.org\/{rel}","templated":true}]}}