{"id":735,"date":"2024-07-16T15:59:41","date_gmt":"2024-07-16T14:59:41","guid":{"rendered":"https:\/\/autonardiexpress.com\/shop\/?post_type=product&#038;p=735"},"modified":"2024-07-16T17:24:01","modified_gmt":"2024-07-16T16:24:01","slug":"pompe-uji-3","status":"publish","type":"product","link":"https:\/\/autonardiexpress.com\/shop\/produkt\/pompe-uji-3\/","title":{"rendered":"Pomp\u00eb uji"},"content":{"rendered":"<h1><span style=\"color: #800000\">Pomp\u00eb uji\u00a0<\/span>\u00a0\u00a0<span style=\"color: #0000ff\">VKPC 88625<\/span><strong>\u00a0 \u00a0<a href=\"https:\/\/www.antallaktikaonline.gr\/exartimaton-aftokiniton-kataskeuastes\/skf\"><img decoding=\"async\" class=\"pkw-product__image-brand\" title=\"A\u03bd\u03c4\u03b1\u03bb\u03bb\u03b1\u03ba\u03c4\u03b9\u03ba\u03ac, \u03c0\u03b5\u03c1\u03b9\u03c0\u03bf\u03af\u03b7\u03c3\u03b7 \u03b1\u03c5\u03c4\u03bf\u03ba\u03b9\u03bd\u03ae\u03c4\u03bf\u03c5, \u03b5\u03c1\u03b3\u03b1\u03bb\u03b5\u03af\u03b1 SKF\" src=\"https:\/\/cdn.pkwteile.de\/brands\/thumbs\/50.png?m=2&amp;ccf=93145724\" alt=\"SKF A\u03bd\u03c4\u03b1\u03bb\u03bb\u03b1\u03ba\u03c4\u03b9\u03ba\u03ac, \u03a0\u03b5\u03c1\u03b9\u03c0\u03bf\u03af\u03b7\u03c3\u03b7 \u03b1\u03c5\u03c4\u03bf\u03ba\u03b9\u03bd\u03ae\u03c4\u03bf\u03c5, \u0395\u03c1\u03b3\u03b1\u03bb\u03b5\u03af\u03b1 \u03b3\u03bd\u03ae\u03c3\u03b9\u03b1 \u03b1\u03bd\u03c4\u03b1\u03bb\u03bb\u03b1\u03ba\u03c4\u03b9\u03ba\u03ac\" \/><\/a><\/strong><\/h1>\n<h1><span style=\"color: #008000\">Vihet n\u00eb l\u00ebvizje nga rripi trapezoidal<\/span><\/h1>\n<h1><span style=\"color: #008000\">\u0391\u03bd\u03c4\u03bb\u03af\u03b1 \u03bd\u03b5\u03c1\u03bf\u03cd <span class=\"desc\">\u03b3\u03b9\u03b1 \u03bc\u03b5\u03c4\u03ac\u03b4\u03bf\u03c3\u03b7 \u03ba\u03af\u03bd\u03b7\u03c3\u03b7\u03c2 \u03bc\u03b5 \u03b9\u03bc\u03ac\u03bd\u03c4\u03b1 poly-V<\/span><\/span><\/h1>\n<h1><span style=\"color: #008000\">Water pump for poly-V belt drive<\/span><\/h1>\n<h1><span style=\"color: #008000\">Pompa acqua per trasmissione a cinghia Poly-V<\/span><\/h1>\n<h3><span style=\"color: #800080\">Ngjash\u00ebm me numrat OEM (vet\u00ebm p\u00ebr krahasim)<\/span><\/h3>\n<h6><strong><span style=\"color: #000080\">MERCEDES-BENZ<\/span> <span style=\"color: #800000\">&#8211;<\/span> <span style=\"color: #000080\">(<span style=\"color: #ff0000\">601 200 11 20<\/span>)<\/span><\/strong><\/h6>\n<h4><span style=\"color: #993300\">Prodhuesi ,Modeli ,Lloji ,Fuqia n\u00eb KW Viti i prodhimit<\/span><\/h4>\n<ul class=\"pkw-product-models__list\">\n<li class=\"pkw-product-models__product\"><span style=\"color: #008000\"><b class=\"button_dropdown_list loaded\" data-maker=\"74\" data-model=\"520\" data-prod=\"1367456\">MERCEDES-BENZ C-class Sedan (W202) ( 03.1993 &#8211; 05.2000 , 75 &#8211; 95 PS)<\/b><\/span><\/li>\n<li class=\"pkw-product-models__product\"><span style=\"color: #008000\"><b class=\"button_dropdown_list loaded\" data-maker=\"74\" data-model=\"1314\" data-prod=\"1367456\"><i class=\"icon arrow\"><\/i>MERCEDES-BENZ E-class Sedan (W210) ( 06.1995 &#8211; 03.2002 , 75 &#8211; 95 PS)<\/b><\/span><\/li>\n<li class=\"pkw-product-models__product\"><span style=\"color: #008000\"><b class=\"button_dropdown_list loaded\" data-maker=\"74\" data-model=\"1516\" data-prod=\"1367456\"><i class=\"icon arrow\"><\/i>MERCEDES-BENZ C-class T-modell (S202) ( 06.1996 &#8211; 03.2001 , 75 &#8211; 95 PS)<\/b><\/span><\/li>\n<\/ul>\n<ul class=\"pkw-product-models__list\">\n<li>\n<h4><span style=\"color: #3366ff\">T\u00eb gjitha pjes\u00ebt n\u00eb nj\u00eb v\u00ebnd \u2013 Zgjidhni tuajat n\u00eb faqen ton\u00eb .<\/span><\/h4>\n<\/li>\n<\/ul>\n","protected":false},"excerpt":{"rendered":"<h1><span style=\"color: #993300\">Pomp\u00eb uji<\/span>\u00a0\u00a0<strong><span style=\"color: #333399\">VKPC 88625<\/span>\u00a0<\/strong><\/h1>\n<h1><span style=\"color: #003300\">MERCEDES BENZ<\/span><\/h1>\n<h6><span style=\"color: #800080\">Pompa uji Mercedes-Benz C-Class Estate ,E-CLASS SEDAN (S202)-(W202)-(W210) C 200-200 , E 200-220 D\/TD VitI.1993-2002<\/span><\/h6>\n<h5><strong><span style=\"color: #ff0000\">EAN:<\/span> <span style=\"color: #000080\">7316587014099<\/span><\/strong><\/h5>\n<h6><strong><span style=\"color: #ff0000\">OEM<\/span>: <span style=\"color: #000080\">601 200 11 20<\/span><\/strong><\/h6>\n<h4><span style=\"color: #003300\"><strong>GJITHASHTU JU REKOMANDOJM\u00cb:<\/strong><\/span><\/h4>\n<p><span style=\"color: #800000\"><strong><em>DOLZ\u00a0 \u00a0\u00a0<span class=\"atr\">\u2116: M205<\/span><\/em><\/strong><\/span><\/p>\n<p><span style=\"color: #800000\"><strong><em>FEBI\u00a0 \u00a0\u00a0<span class=\"atr\">\u2116: 09482<\/span><\/em><\/strong><\/span><\/p>\n<p><span style=\"color: #800000\"><strong><em>HEPU\u00a0\u00a0<span class=\"atr\">\u2116: P 161<\/span><\/em><\/strong><\/span><\/p>\n<p><span style=\"color: #800000\"><strong><em>SPIDAN\u00a0 \u00a0<span class=\"atr\">\u2116: 0.060535<\/span><\/em><\/strong><\/span><\/p>\n<p><span style=\"color: #800000\"><strong><em>AIRTEX\u00a0\u00a0<span class=\"atr\">\u2116: 1444<\/span><\/em><\/strong><\/span><\/p>\n<p><span style=\"color: #800000\"><strong><em>GRAF\u00a0 \u00a0 <span class=\"atr\">\u2116: PA583<\/span><\/em><\/strong><\/span><\/p>\n<p><span style=\"color: #800000\"><strong><em>QUINTON HAZELL\u00a0\u00a0<span class=\"atr\">\u2116: QCP 3107<\/span><\/em><\/strong><\/span><\/p>\n<p><span style=\"color: #800000\"><em><strong>RUVILLE <\/strong><\/em>\u00a0\u00a0\u00a0<strong><em><span class=\"atr\">\u2116: 65149<\/span><\/em><\/strong><\/span><\/p>\n<p><span style=\"color: #800000\"><em><strong>SWAG\u00a0<\/strong><\/em>\u00a0<strong><em><span class=\"atr\">\u2116: 10 15 0030<\/span><\/em><\/strong><\/span><\/p>\n<p><span style=\"color: #800000\"><em><strong>OPTIMAL<\/strong><\/em>\u00a0\u00a0<strong><em><span class=\"atr\">\u2116: AQ-1382<\/span><\/em><\/strong><\/span><\/p>\n<p><span style=\"color: #800000\"><em><strong>MAPCO<\/strong><\/em>\u00a0\u00a0<strong><em><span class=\"atr\">\u2116: 21865<\/span><\/em><\/strong><\/span><\/p>\n<p><span style=\"color: #800000\"><em><strong>INA<\/strong><\/em>\u00a0\u00a0<strong><em><span class=\"atr\">\u2116: 538 0230 10<\/span><\/em><\/strong><\/span><\/p>\n<p><span style=\"color: #800000\"><em><strong>METELLI<\/strong><\/em><\/span>\u00a0 <span style=\"color: #800000\"><strong><em><span class=\"atr\">\u2116: PA583<\/span><\/em><\/strong><\/span><\/p>\n","protected":false},"featured_media":736,"comment_status":"open","ping_status":"closed","template":"","meta":[],"product_cat":[71,46,33],"product_tag":[],"class_list":["post-735","product","type-product","status-publish","has-post-thumbnail","hentry","product_cat-mercedes-benz","product_cat-pompa-uji","product_cat-skf"],"_links":{"self":[{"href":"https:\/\/autonardiexpress.com\/shop\/wp-json\/wp\/v2\/product\/735","targetHints":{"allow":["GET"]}}],"collection":[{"href":"https:\/\/autonardiexpress.com\/shop\/wp-json\/wp\/v2\/product"}],"about":[{"href":"https:\/\/autonardiexpress.com\/shop\/wp-json\/wp\/v2\/types\/product"}],"replies":[{"embeddable":true,"href":"https:\/\/autonardiexpress.com\/shop\/wp-json\/wp\/v2\/comments?post=735"}],"wp:featuredmedia":[{"embeddable":true,"href":"https:\/\/autonardiexpress.com\/shop\/wp-json\/wp\/v2\/media\/736"}],"wp:attachment":[{"href":"https:\/\/autonardiexpress.com\/shop\/wp-json\/wp\/v2\/media?parent=735"}],"wp:term":[{"taxonomy":"product_cat","embeddable":true,"href":"https:\/\/autonardiexpress.com\/shop\/wp-json\/wp\/v2\/product_cat?post=735"},{"taxonomy":"product_tag","embeddable":true,"href":"https:\/\/autonardiexpress.com\/shop\/wp-json\/wp\/v2\/product_tag?post=735"}],"curies":[{"name":"wp","href":"https:\/\/api.w.org\/{rel}","templated":true}]}}