{"id":732,"date":"2024-07-12T16:37:23","date_gmt":"2024-07-12T15:37:23","guid":{"rendered":"https:\/\/autonardiexpress.com\/shop\/?post_type=product&#038;p=732"},"modified":"2024-07-12T18:28:53","modified_gmt":"2024-07-12T17:28:53","slug":"pompe-uji-2","status":"publish","type":"product","link":"https:\/\/autonardiexpress.com\/shop\/produkt\/pompe-uji-2\/","title":{"rendered":"Pomp\u00eb uji"},"content":{"rendered":"<h1><span style=\"color: #800000\">Pomp\u00eb uji<\/span>\u00a0\u00a0\u00a0<span style=\"color: #0000ff\">VKPC 88842<\/span><strong>\u00a0\u00a0\u00a0<a href=\"https:\/\/www.antallaktikaonline.gr\/exartimaton-aftokiniton-kataskeuastes\/skf\"><img decoding=\"async\" class=\"pkw-product__image-brand\" title=\"A\u03bd\u03c4\u03b1\u03bb\u03bb\u03b1\u03ba\u03c4\u03b9\u03ba\u03ac, \u03c0\u03b5\u03c1\u03b9\u03c0\u03bf\u03af\u03b7\u03c3\u03b7 \u03b1\u03c5\u03c4\u03bf\u03ba\u03b9\u03bd\u03ae\u03c4\u03bf\u03c5, \u03b5\u03c1\u03b3\u03b1\u03bb\u03b5\u03af\u03b1 SKF\" src=\"https:\/\/cdn.pkwteile.de\/brands\/thumbs\/50.png?m=2&amp;ccf=93145724\" alt=\"SKF A\u03bd\u03c4\u03b1\u03bb\u03bb\u03b1\u03ba\u03c4\u03b9\u03ba\u03ac, \u03a0\u03b5\u03c1\u03b9\u03c0\u03bf\u03af\u03b7\u03c3\u03b7 \u03b1\u03c5\u03c4\u03bf\u03ba\u03b9\u03bd\u03ae\u03c4\u03bf\u03c5, \u0395\u03c1\u03b3\u03b1\u03bb\u03b5\u03af\u03b1 \u03b3\u03bd\u03ae\u03c3\u03b9\u03b1 \u03b1\u03bd\u03c4\u03b1\u03bb\u03bb\u03b1\u03ba\u03c4\u03b9\u03ba\u03ac\" \/><\/a><\/strong><\/h1>\n<h1><span style=\"color: #993366\">Vihet n\u00eb l\u00ebvizje nga rripi trapezoidal<\/span><\/h1>\n<h1><span style=\"color: #008000\">.\u00a0\u0391\u03bd\u03c4\u03bb\u03af\u03b1 \u03bd\u03b5\u03c1\u03bf\u03cd\u00a0<span class=\"desc\">\u03b3\u03b9\u03b1 \u03bc\u03b5\u03c4\u03ac\u03b4\u03bf\u03c3\u03b7 \u03ba\u03af\u03bd\u03b7\u03c3\u03b7\u03c2 \u03bc\u03b5 \u03b9\u03bc\u03ac\u03bd\u03c4\u03b1 poly-V<\/span><\/span><\/h1>\n<h1><span style=\"color: #008000\">. Water pump\u00a0for poly-V belt drive<\/span><\/h1>\n<h1><span style=\"color: #008000\">. Pompa acqua\u00a0per trasmissione a cinghia Poly-V<\/span><\/h1>\n<h3><span style=\"color: #993300\">Ngjash\u00ebm me numrat OEM (vet\u00ebm p\u00ebr krahasim)<\/span><\/h3>\n<ul class=\"pkw-oem__ul\">\n<li><span style=\"color: #000080\"><strong>MERCEDES-BENZ\u00a0 &#8211;\u00a0 (<span style=\"color: #ff0000\">605 200 01 20<\/span>)<\/strong><\/span><\/li>\n<li><span style=\"color: #000080\"><strong>MERCEDES-BENZ\u00a0 &#8211;\u00a0 (<span style=\"color: #ff0000\">605 200 03 20<\/span>)<\/strong><\/span><\/li>\n<li><span style=\"color: #000080\"><strong>MERCEDES-BENZ\u00a0 &#8211;\u00a0 (<span style=\"color: #ff0000\">605 200 05 20<\/span>)<\/strong><\/span><\/li>\n<li><span style=\"color: #000080\"><strong>MERCEDES-BENZ\u00a0 &#8211;\u00a0 (<span style=\"color: #ff0000\">605 200 08 20<\/span>)<\/strong><\/span><\/li>\n<li><span style=\"color: #000080\"><strong><span class=\"pkw-oem__link\">MERCEDES-BENZ\u00a0 &#8211;\u00a0 (<span style=\"color: #ff0000\">605 200 38 20<\/span>)<\/span><\/strong><\/span><\/li>\n<\/ul>\n<h4><span style=\"color: #008080\">Prodhuesi ,Modeli ,Lloji ,Fuqia n\u00eb KW Viti i prodhimit<\/span><\/h4>\n<ul class=\"pkw-product-models__list\">\n<li class=\"pkw-product-models__product\"><span style=\"color: #003366\"><b class=\"button_dropdown_list\" data-maker=\"74\" data-model=\"18\" data-prod=\"1367479\">MERCEDES-BENZ W124 Sedan (W124) ( 09.1986 &#8211; 06.1993 , 126 &#8211; 147 PS)<\/b><\/span><\/li>\n<li class=\"pkw-product-models__product\"><span style=\"color: #003366\"><b class=\"button_dropdown_list\" data-maker=\"74\" data-model=\"24\" data-prod=\"1367479\"><i class=\"icon arrow\"><\/i>MERCEDES-BENZ W124 Combi (S124) ( 09.1986 &#8211; 07.1993 , 126 &#8211; 147 PS)<\/b><\/span><\/li>\n<li class=\"pkw-product-models__product\"><span style=\"color: #003366\"><b class=\"button_dropdown_list\" data-maker=\"74\" data-model=\"47\" data-prod=\"1367479\"><i class=\"icon arrow\"><\/i>MERCEDES-BENZ S-class Sedan (W140) ( 01.1993 &#8211; 10.1998 , 150 &#8211; 177 PS)<\/b><\/span><\/li>\n<li class=\"pkw-product-models__product\"><span style=\"color: #003366\"><b class=\"button_dropdown_list\" data-maker=\"74\" data-model=\"65\" data-prod=\"1367479\"><i class=\"icon arrow\"><\/i>MERCEDES-BENZ G-class SUV (W463) ( 09.1991 &#8211; 07.2000 , 136 &#8211; 177 PS)<\/b><\/span><\/li>\n<li class=\"pkw-product-models__product\"><span style=\"color: #003366\"><b class=\"button_dropdown_list\" data-maker=\"74\" data-model=\"106\" data-prod=\"1367479\"><i class=\"icon arrow\"><\/i>MERCEDES-BENZ E-class Sedan (W124) ( 06.1993 &#8211; 06.1995 , 126 &#8211; 147 PS)<\/b><\/span><\/li>\n<li class=\"pkw-product-models__product\"><span style=\"color: #003366\"><b class=\"button_dropdown_list\" data-maker=\"74\" data-model=\"118\" data-prod=\"1367479\"><i class=\"icon arrow\"><\/i>MERCEDES-BENZ E-class T-modell (S124) ( 06.1993 &#8211; 06.1996 , 126 &#8211; 147 PS)<\/b><\/span><\/li>\n<li class=\"pkw-product-models__product\"><span style=\"color: #003366\"><b class=\"button_dropdown_list\" data-maker=\"74\" data-model=\"520\" data-prod=\"1367479\"><i class=\"icon arrow\"><\/i>MERCEDES-BENZ C-class Sedan (W202) ( 10.1995 &#8211; 05.2000 , 150 PS)<\/b><\/span><\/li>\n<li class=\"pkw-product-models__product\"><span style=\"color: #003366\"><b class=\"button_dropdown_list\" data-maker=\"74\" data-model=\"1314\" data-prod=\"1367479\"><i class=\"icon arrow\"><\/i>MERCEDES-BENZ E-class Sedan (W210) ( 12.1996 &#8211; 07.1999 , 150 &#8211; 177 PS)<\/b><\/span><\/li>\n<li class=\"pkw-product-models__product\"><span style=\"color: #003366\"><b class=\"button_dropdown_list\" data-maker=\"74\" data-model=\"1516\" data-prod=\"1367479\"><i class=\"icon arrow\"><\/i>MERCEDES-BENZ C-class T-modell (S202) ( 06.1996 &#8211; 03.2001 , 150 PS)<\/b><\/span><\/li>\n<li class=\"pkw-product-models__product\"><span style=\"color: #003366\"><b class=\"button_dropdown_list\" data-maker=\"74\" data-model=\"1539\" data-prod=\"1367479\"><i class=\"icon arrow\"><\/i>MERCEDES-BENZ E-class T-modell (S210) ( 12.1996 &#8211; 07.1999 , 150 &#8211; 177 PS)<\/b><\/span><\/li>\n<li class=\"pkw-product-models__product\"><span style=\"color: #003366\"><b class=\"button_dropdown_list\" data-maker=\"74\" data-model=\"2015\" data-prod=\"1367479\"><i class=\"icon arrow\"><\/i>MERCEDES-BENZ G-class SUV Cabrio (W463) ( 09.1991 &#8211; 07.2000 , 136 &#8211; 177 PS)<\/b><\/span><\/li>\n<\/ul>\n<ul class=\"pkw-product-models__list\">\n<li>\n<h4><span style=\"color: #808000\">T\u00eb gjitha pjes\u00ebt n\u00eb nj\u00eb v\u00ebnd \u2013 Zgjidhni tuajat n\u00eb faqen ton\u00eb .<\/span><\/h4>\n<\/li>\n<\/ul>\n","protected":false},"excerpt":{"rendered":"<h1><span style=\"color: #003366\">Pomp\u00eb uji<\/span>\u00a0\u00a0<strong><span style=\"color: #0000ff\">VKPC 88842<\/span>\u00a0<\/strong><\/h1>\n<h1><span style=\"color: #800000\">MERCEDES BENZ<\/span><\/h1>\n<h6><span style=\"color: #800080\">Pompa uji\u00a0 Mercedes-Benz\u00a0 C-Class (W202) ,E-Class (W210) ,G-Class (W463) ,S-Class (W140) 250-300-350 TD Viti.1986-2001<\/span><\/h6>\n<h5><strong><span style=\"color: #ff0000\">EAN:<\/span> <span style=\"color: #000080\">7316571811666<\/span><\/strong><\/h5>\n<h6><strong><span style=\"color: #ff0000\">OEM:<\/span> <span style=\"color: #000080\">605 200 01 20<\/span><\/strong><\/h6>\n<h4><span style=\"color: #993300\"><strong>GJITHASHTU JU REKOMANDOJM\u00cb:<\/strong><\/span><\/h4>\n<p><span style=\"color: #003300\"><strong><em>DOLZ\u00a0 \u00a0\u00a0<span class=\"atr\">\u2116: M276<\/span><\/em><\/strong><\/span><\/p>\n<p><span style=\"color: #003300\"><strong><em>FEBI\u00a0 \u00a0\u00a0<span class=\"atr\">\u2116: 17791<\/span><\/em><\/strong><\/span><\/p>\n<p><span style=\"color: #003300\"><strong><em>HEPU\u00a0\u00a0<span class=\"atr\">\u2116: P 136<\/span><\/em><\/strong><\/span><\/p>\n<p><span style=\"color: #003300\"><strong><em>INA\u00a0 \u00a0<span class=\"atr\">\u2116: 538 0207 10<\/span><\/em><\/strong><\/span><\/p>\n<p><span style=\"color: #003300\"><strong><em>AIRTEX\u00a0 <span class=\"atr\">\u2116: 1634<\/span><\/em><\/strong><\/span><\/p>\n<p><span style=\"color: #003300\"><strong><em>VAIKO\u00a0 \u00a0 <span class=\"atr\">\u2116: V30-50042<\/span><\/em><\/strong><\/span><\/p>\n<p><span style=\"color: #003300\"><strong><em>QUINTON HAZELL\u00a0\u00a0<span class=\"atr\">\u2116: QCP 3383<\/span><\/em><\/strong><\/span><\/p>\n<p><span style=\"color: #003300\"><em><strong>SIL <\/strong><\/em>\u00a0\u00a0\u00a0<strong><em><span class=\"atr\">\u2116: PA951<\/span><\/em><\/strong><\/span><\/p>\n<p><span style=\"color: #003300\"><em><strong>SWAG\u00a0<\/strong><\/em>\u00a0<strong><em><span class=\"atr\">\u2116: 10 15 0066<\/span><\/em><\/strong><\/span><\/p>\n<p><span style=\"color: #003300\"><em><strong>OPTIMAL<\/strong><\/em>\u00a0\u00a0<strong><em><span class=\"atr\">\u2116: AQ-1346<\/span><\/em><\/strong><\/span><\/p>\n<p><span style=\"color: #003300\"><em><strong>MEYLE<\/strong><\/em>\u00a0\u00a0<strong><em><span class=\"atr\">\u2116: 013 026 0004<\/span><\/em><\/strong><\/span><\/p>\n<p><span style=\"color: #003300\"><em><strong>TOPRAN<\/strong><\/em>\u00a0\u00a0<strong><em><span class=\"atr\">\u2116: 400 414<\/span><\/em><\/strong><\/span><\/p>\n<p>&nbsp;<\/p>\n","protected":false},"featured_media":733,"comment_status":"open","ping_status":"closed","template":"","meta":[],"product_cat":[71,46,33],"product_tag":[],"class_list":["post-732","product","type-product","status-publish","has-post-thumbnail","hentry","product_cat-mercedes-benz","product_cat-pompa-uji","product_cat-skf"],"_links":{"self":[{"href":"https:\/\/autonardiexpress.com\/shop\/wp-json\/wp\/v2\/product\/732","targetHints":{"allow":["GET"]}}],"collection":[{"href":"https:\/\/autonardiexpress.com\/shop\/wp-json\/wp\/v2\/product"}],"about":[{"href":"https:\/\/autonardiexpress.com\/shop\/wp-json\/wp\/v2\/types\/product"}],"replies":[{"embeddable":true,"href":"https:\/\/autonardiexpress.com\/shop\/wp-json\/wp\/v2\/comments?post=732"}],"wp:featuredmedia":[{"embeddable":true,"href":"https:\/\/autonardiexpress.com\/shop\/wp-json\/wp\/v2\/media\/733"}],"wp:attachment":[{"href":"https:\/\/autonardiexpress.com\/shop\/wp-json\/wp\/v2\/media?parent=732"}],"wp:term":[{"taxonomy":"product_cat","embeddable":true,"href":"https:\/\/autonardiexpress.com\/shop\/wp-json\/wp\/v2\/product_cat?post=732"},{"taxonomy":"product_tag","embeddable":true,"href":"https:\/\/autonardiexpress.com\/shop\/wp-json\/wp\/v2\/product_tag?post=732"}],"curies":[{"name":"wp","href":"https:\/\/api.w.org\/{rel}","templated":true}]}}