{"id":721,"date":"2024-05-14T15:12:38","date_gmt":"2024-05-14T14:12:38","guid":{"rendered":"https:\/\/autonardiexpress.com\/shop\/?post_type=product&#038;p=721"},"modified":"2024-05-14T16:58:52","modified_gmt":"2024-05-14T15:58:52","slug":"kushineta-kite-17","status":"publish","type":"product","link":"https:\/\/autonardiexpress.com\/shop\/produkt\/kushineta-kite-17\/","title":{"rendered":"Kushineta kite"},"content":{"rendered":"<h3><span style=\"color: #003300\">Kushineta kite-auto<\/span><\/h3>\n<h3><span style=\"color: #0000ff\">VKBA 3765<\/span>\u00a0 \u00a0<a href=\"https:\/\/www.antallaktikaonline.gr\/exartimaton-aftokiniton-kataskeuastes\/skf\"><img loading=\"lazy\" decoding=\"async\" class=\"pkw-product__image-brand\" title=\"A\u03bd\u03c4\u03b1\u03bb\u03bb\u03b1\u03ba\u03c4\u03b9\u03ba\u03ac, \u03c0\u03b5\u03c1\u03b9\u03c0\u03bf\u03af\u03b7\u03c3\u03b7 \u03b1\u03c5\u03c4\u03bf\u03ba\u03b9\u03bd\u03ae\u03c4\u03bf\u03c5, \u03b5\u03c1\u03b3\u03b1\u03bb\u03b5\u03af\u03b1 SKF\" src=\"https:\/\/cdn.pkwteile.de\/brands\/thumbs\/50.png?m=2&amp;ccf=87856753\" alt=\"SKF A\u03bd\u03c4\u03b1\u03bb\u03bb\u03b1\u03ba\u03c4\u03b9\u03ba\u03ac, \u03a0\u03b5\u03c1\u03b9\u03c0\u03bf\u03af\u03b7\u03c3\u03b7 \u03b1\u03c5\u03c4\u03bf\u03ba\u03b9\u03bd\u03ae\u03c4\u03bf\u03c5, \u0395\u03c1\u03b3\u03b1\u03bb\u03b5\u03af\u03b1 \u03b3\u03bd\u03ae\u03c3\u03b9\u03b1 \u03b1\u03bd\u03c4\u03b1\u03bb\u03bb\u03b1\u03ba\u03c4\u03b9\u03ba\u03ac\" width=\"183\" height=\"43\" \/><\/a><\/h3>\n<h3 class=\"pkw-product__rating\" data-rating=\"8\"><span style=\"color: #666699\">\u03a3\u03b5\u03c4 \u03c1\u03bf\u03c5\u03bb\u03b5\u03bc\u03ac\u03bd \u03c4\u03c1\u03bf\u03c7\u03ce\u03bd<\/span><\/h3>\n<h3 class=\"pkw-product__rating\" data-rating=\"8\"><span style=\"color: #666699\">Wheel bearing set<\/span><\/h3>\n<h3 class=\"pkw-product__rating\" data-rating=\"8\"><span style=\"color: #666699\">Kit cuscinetti ruota<\/span><\/h3>\n<h4 class=\"pkw-product__rating\" data-rating=\"8\"><span style=\"color: #008000\"><span style=\"color: #993300\">TOYOTA\u00a0<\/span> \u00a0 \u00a0 OEM :90369<span style=\"color: #ff0000\">&#8211;<\/span>40003<\/span><\/h4>\n<h4><span style=\"color: #800080\">Prodhuesi ,Modeli ,Lloji ,Fuqia n\u00eb KW Viti i prodhimit<\/span><\/h4>\n<ul class=\"pkw-product-models__list\">\n<li class=\"pkw-product-models__product\"><b class=\"button_dropdown_list loaded active\" data-maker=\"111\" data-model=\"203\" data-prod=\"1362820\"><i class=\"icon arrow\"><\/i><span style=\"color: #ff0000\">TOYOTA Land Cruiser Prado 70 SUV (J70) ( 11.1984 &#8211; 12.1996 , 86 &#8211; 125 PS)<\/span><\/b>\n<ul class=\"pkw-product-models__product_dropdown\">\n<li class=\"pkw-product-models__product_dropdown_item\"><span style=\"color: #000080\">2.4, Viti i prodhimit 11.1984 &#8211; 05.1993, 2367 ccm, 105 PS<\/span><\/li>\n<li class=\"pkw-product-models__product_dropdown_item\"><span style=\"color: #000080\">2.4 (RJ70_, RJ73_, RJ70RV), Viti i prodhimit 11.1984 &#8211; 05.1993, 2367 ccm, 110 PS<\/span><\/li>\n<li class=\"pkw-product-models__product_dropdown_item\"><span style=\"color: #000080\">2.4 (RJ70_V, RJ73_V), Viti i prodhimit 12.1988 &#8211; 12.1996, 2367 ccm, 114 PS<\/span><\/li>\n<li class=\"pkw-product-models__product_dropdown_item\"><span style=\"color: #000080\">2.4 TD, Viti i prodhimit 01.1990 &#8211; 05.1993, 2446 ccm, 90 PS<\/span><\/li>\n<li class=\"pkw-product-models__product_dropdown_item\"><span style=\"color: #000080\">2.4 TD (LJ70_, LJ73_, LJ70RV), Viti i prodhimit 10.1985 &#8211; 05.1990, 2446 ccm, 86 PS<\/span><\/li>\n<li class=\"pkw-product-models__product_dropdown_item\"><span style=\"color: #000080\">3.0 TD (KZJ70_, KZJ73_, KZJ77_, KZJ78), Viti i prodhimit 05.1993 &#8211; 05.1996, 2982 ccm, 125 PS<\/span><\/li>\n<li class=\"pkw-product-models__product\"><span style=\"color: #ff0000\"><b class=\"button_dropdown_list loaded active\" data-maker=\"111\" data-model=\"1566\" data-prod=\"1362820\">TOYOTA Land Cruiser Prado 90 (J90) ( 04.1995 &#8211; 12.2002 , 125 &#8211; 178 PS)<\/b><\/span>\n<ul class=\"pkw-product-models__product_dropdown\">\n<li class=\"pkw-product-models__product_dropdown_item\"><span style=\"color: #000080\">3.0 D-4D 4WD (KDJ90_, KDJ95_), Viti i prodhimit 08.2000 &#8211; 08.2002, 2982 ccm, 163 PS<\/span><\/li>\n<li class=\"pkw-product-models__product_dropdown_item\"><span style=\"color: #000080\">3.0 TD (KZJ90, KZJ95), Viti i prodhimit 04.1995 &#8211; 07.2000, 2982 ccm, 140 PS<\/span><\/li>\n<li class=\"pkw-product-models__product_dropdown_item\"><span style=\"color: #000080\">3.0 TD, Viti i prodhimit 04.1996 &#8211; 12.2002, 2982 ccm, 125 PS<\/span><\/li>\n<li class=\"pkw-product-models__product_dropdown_item\"><span style=\"color: #000080\">3.4 i 24V (VZJ90_, VZJ95_), Viti i prodhimit 03.1996 &#8211; 08.2002, 3378 ccm, 178 PS<\/span><\/li>\n<li class=\"pkw-product-models__product\"><span style=\"color: #ff0000\"><b class=\"button_dropdown_list loaded active\" data-maker=\"111\" data-model=\"3582\" data-prod=\"1362820\">TOYOTA Land Cruiser Prado 70 SUV Cabrio (J70) ( 07.1990 &#8211; 05.1996 , 90 &#8211; 125 PS)<\/b><\/span>\n<ul class=\"pkw-product-models__product_dropdown\">\n<li class=\"pkw-product-models__product_dropdown_item\"><span style=\"color: #000080\">2.4 TD (LJ70_), Viti i prodhimit 07.1990 &#8211; 05.1996, 2446 ccm, 90 PS<\/span><\/li>\n<li class=\"pkw-product-models__product_dropdown_item\"><span style=\"color: #000080\">3.0 TD (KZJ70_), Viti i prodhimit 05.1993 &#8211; 05.1996, 2982 ccm, 125 PS<\/span><\/li>\n<\/ul>\n<\/li>\n<\/ul>\n<\/li>\n<\/ul>\n<\/li>\n<\/ul>\n<h4><span style=\"color: #003300\">T\u00eb gjitha pjes\u00ebt n\u00eb nj\u00eb v\u00ebnd \u2013 Zgjidhni tuajat n\u00eb faqen ton\u00eb .<\/span><\/h4>\n","protected":false},"excerpt":{"rendered":"<h3><span style=\"color: #0000ff\">Kushineta kite<\/span>\u00a0<span style=\"color: #ff0000\">\u2013<\/span>\u00a0<span style=\"color: #993300\">auto<\/span>\u00a0\u00a0<a href=\"https:\/\/www.antallaktikaonline.gr\/exartimaton-aftokiniton-kataskeuastes\/skf\"><img loading=\"lazy\" decoding=\"async\" class=\"pkw-product__image-brand\" title=\"A\u03bd\u03c4\u03b1\u03bb\u03bb\u03b1\u03ba\u03c4\u03b9\u03ba\u03ac, \u03c0\u03b5\u03c1\u03b9\u03c0\u03bf\u03af\u03b7\u03c3\u03b7 \u03b1\u03c5\u03c4\u03bf\u03ba\u03b9\u03bd\u03ae\u03c4\u03bf\u03c5, \u03b5\u03c1\u03b3\u03b1\u03bb\u03b5\u03af\u03b1 SKF\" src=\"https:\/\/cdn.pkwteile.de\/brands\/thumbs\/50.png?m=2&amp;ccf=87856753\" alt=\"SKF A\u03bd\u03c4\u03b1\u03bb\u03bb\u03b1\u03ba\u03c4\u03b9\u03ba\u03ac, \u03a0\u03b5\u03c1\u03b9\u03c0\u03bf\u03af\u03b7\u03c3\u03b7 \u03b1\u03c5\u03c4\u03bf\u03ba\u03b9\u03bd\u03ae\u03c4\u03bf\u03c5, \u0395\u03c1\u03b3\u03b1\u03bb\u03b5\u03af\u03b1 \u03b3\u03bd\u03ae\u03c3\u03b9\u03b1 \u03b1\u03bd\u03c4\u03b1\u03bb\u03bb\u03b1\u03ba\u03c4\u03b9\u03ba\u03ac\" width=\"153\" height=\"36\" \/><\/a><\/h3>\n<h3><span style=\"color: #000080\">VKBA 3765<\/span>\u00a0\u00a0<span style=\"color: #993300\">Kushineta dopjo<\/span><\/h3>\n<h3><span style=\"color: #993300\">e rrotave\u00a0t\u00eb II-ta<\/span><\/h3>\n<h4><span style=\"color: #008000\">\u03a0\u03bb\u03ae\u03bc\u03bd\u03b7 \u03c4\u03c1\u03bf\u03c7\u03bf\u03cd<\/span><\/h4>\n<h4><span style=\"color: #008000\">Wheel Hub<\/span><\/h4>\n<h4><span style=\"color: #008000\">Mozzo ruota<\/span><\/h4>\n<h3 class=\"pkw-product__rating\" data-rating=\"8\"><span style=\"color: #ff6600\">EAN :<\/span> <span style=\"color: #993366\">7316571280288<\/span><\/h3>\n<p><span style=\"color: #003366\"><em><strong>Kushineta kite \u00d8:40x80x44mm Toyota Land Cruiser (_J7_)-(_J9_) Hardtop 2.4-3.0-3.4 TD t\u00eb II-ta Viti.1984-2002<\/strong><\/em><\/span><\/p>\n<h4><span style=\"color: #808000\">T\u00eb ngjash\u00ebm prodhues t\u00eb tjer\u00eb<\/span><\/h4>\n<p><span style=\"color: #003300\"><em><strong>OPTIMAL :\u00a0 982813<\/strong><\/em><\/span><\/p>\n<p><span style=\"color: #003300\"><em><strong>FAG\u00a0 : 713 6184 60<\/strong><\/em><\/span><\/p>\n<p><span style=\"color: #003300\"><em><strong>A.B.S. : 201044<\/strong><\/em><\/span><\/p>\n<p><span style=\"color: #003300\"><em><strong>KAVO PARTS\u00a0 : WBK-9071<\/strong><\/em><\/span><\/p>\n<p><span style=\"color: #003300\"><em><strong>HK\u00a0 : 18\/46<\/strong><\/em><\/span><\/p>\n<p><span style=\"color: #003300\"><em><strong>BLUE PRINT : ADT38363C<\/strong><\/em><\/span><\/p>\n<p><span style=\"color: #003300\"><em><strong><span class=\"image\">NTN : <\/span><span class=\"atr\">R169.49<\/span><\/strong><\/em><\/span><\/p>\n<p><span style=\"color: #003300\"><em><strong>RUVILLE : 6949<\/strong><\/em><\/span><\/p>\n<p><span style=\"color: #003300\"><em><strong><span class=\"image\">SNR : <\/span><span class=\"atr\">R169.49<\/span><\/strong><\/em><\/span><\/p>\n<p><span style=\"color: #003300\"><em><strong>QUINTON HAZELL : QWB578<\/strong><\/em><\/span><\/p>\n<p><span style=\"color: #003300\"><em><strong>ASHIKA : 44-22048<\/strong><\/em><\/span><\/p>\n<p><span style=\"color: #003300\"><em><strong>AUTEX : 802851<\/strong><\/em><\/span><\/p>\n","protected":false},"featured_media":722,"comment_status":"open","ping_status":"closed","template":"","meta":[],"product_cat":[47,33,65],"product_tag":[],"class_list":["post-721","product","type-product","status-publish","has-post-thumbnail","hentry","product_cat-kushineta-kite","product_cat-skf","product_cat-toyota"],"_links":{"self":[{"href":"https:\/\/autonardiexpress.com\/shop\/wp-json\/wp\/v2\/product\/721","targetHints":{"allow":["GET"]}}],"collection":[{"href":"https:\/\/autonardiexpress.com\/shop\/wp-json\/wp\/v2\/product"}],"about":[{"href":"https:\/\/autonardiexpress.com\/shop\/wp-json\/wp\/v2\/types\/product"}],"replies":[{"embeddable":true,"href":"https:\/\/autonardiexpress.com\/shop\/wp-json\/wp\/v2\/comments?post=721"}],"wp:featuredmedia":[{"embeddable":true,"href":"https:\/\/autonardiexpress.com\/shop\/wp-json\/wp\/v2\/media\/722"}],"wp:attachment":[{"href":"https:\/\/autonardiexpress.com\/shop\/wp-json\/wp\/v2\/media?parent=721"}],"wp:term":[{"taxonomy":"product_cat","embeddable":true,"href":"https:\/\/autonardiexpress.com\/shop\/wp-json\/wp\/v2\/product_cat?post=721"},{"taxonomy":"product_tag","embeddable":true,"href":"https:\/\/autonardiexpress.com\/shop\/wp-json\/wp\/v2\/product_tag?post=721"}],"curies":[{"name":"wp","href":"https:\/\/api.w.org\/{rel}","templated":true}]}}