{"id":620,"date":"2023-07-11T17:14:37","date_gmt":"2023-07-11T16:14:37","guid":{"rendered":"https:\/\/autonardiexpress.com\/shop\/?post_type=product&#038;p=620"},"modified":"2023-07-11T18:05:44","modified_gmt":"2023-07-11T17:05:44","slug":"guanicion-testate-13","status":"publish","type":"product","link":"https:\/\/autonardiexpress.com\/shop\/produkt\/guanicion-testate-13\/","title":{"rendered":"Guanicion testate"},"content":{"rendered":"<h3><span style=\"color: #008000\">Gasket cylinder head<\/span>\u00a0\u00a0\u00a0<span style=\"color: #ff0000\">\u2116:<\/span> <span style=\"color: #0000ff\">10055700<\/span><span class=\"highlight\">\u00a0<img loading=\"lazy\" decoding=\"async\" class=\"brand_image lazyloaded\" title=\"\u039c\u03ac\u03c1\u03ba\u03b1\" src=\"https:\/\/cdn.pkwteile.de\/brands\/thumbs\/147.png?m=2&amp;ccf=15381741\" alt=\"AJUSA \u03a6\u03bb\u03ac\u03bd\u03c4\u03b6\u03b1, \u03ba\u03b5\u03c6\u03b1\u03bb\u03ae \u03ba\u03c5\u03bb\u03af\u03bd\u03b4\u03c1\u03bf\u03c5 \u0391\u03c1\u03b9\u03b8\u03bc\u03cc\u03c2 \u03c0\u03c1\u03bf\u03ca\u03cc\u03bd\u03c4\u03bf\u03c2 10026410\" width=\"164\" height=\"67\" data-srcset=\"https:\/\/cdn.pkwteile.de\/brands\/thumbs\/147.png?m=2&amp;ccf=15381741\" \/><\/span><\/h3>\n<h3><span style=\"color: #008000\">\u03a6\u03bb\u03ac\u03bd\u03c4\u03b6\u03b1 \u03ba\u03b5\u03c6\u03b1\u03bb\u03ae \u03ba\u03c5\u03bb\u03af\u03bd\u03b4\u03c1\u03bf\u03c5\u00a0 \u00a0 \u00a0 \u00a0 \u00a0 \u00a0 \u00a0 \u00a0 \u00a0 \u00a0 \u00a0 \u00a0 \u00a0 \u00a0 \u00a0 \u00a0 \u00a0 \u00a0 \u00a0 \u00a0 \u00a0 \u00a0 \u00a0 \u00a0 \u00a0 \u00a0<\/span><\/h3>\n<h3><span style=\"color: #008000\">Guarnizione testata\u00a0<\/span><\/h3>\n<h3><span style=\"color: #000080\">T\u00eb ngjash\u00ebm me numrat OEM vet\u00ebm p\u00ebr krahasim<\/span><\/h3>\n<ul class=\"refnumbers__list\">\n<li class=\"refnumbers__item\"><span style=\"color: #993366\"><span class=\"refnumbers__refnumber\">327 016 08 20<\/span>\u00a0 \u00a0 \u00a0<span class=\"refnumbers__manufacturer\">MERCEDES<\/span><\/span><\/li>\n<li class=\"refnumbers__item\"><span style=\"color: #993366\"><span class=\"refnumbers__refnumber\">360 016 03 20\u00a0 \u00a0 <\/span>\u00a0<span class=\"refnumbers__manufacturer\">MERCEDES<\/span><\/span><\/li>\n<li class=\"refnumbers__item\"><span style=\"color: #993366\"><span class=\"refnumbers__refnumber\">360 016 05 20<\/span>\u00a0 \u00a0 \u00a0<span class=\"refnumbers__manufacturer\">MERCEDES<\/span><\/span><\/li>\n<li class=\"refnumbers__item\"><span style=\"color: #993366\"><span class=\"refnumbers__refnumber\">A3600160520<\/span>\u00a0 \u00a0 \u00a0<span class=\"refnumbers__manufacturer\">MERCEDES<\/span><\/span><\/li>\n<li class=\"refnumbers__item\"><span style=\"color: #993366\"><span class=\"refnumbers__refnumber\">A3270160820<\/span>\u00a0 \u00a0 \u00a0<span class=\"refnumbers__manufacturer\">MERCEDES<\/span><\/span><\/li>\n<li class=\"refnumbers__item\"><span style=\"color: #993366\"><span class=\"refnumbers__refnumber\">A3600160320<\/span>\u00a0 \u00a0 \u00a0<span class=\"refnumbers__manufacturer\">MERCEDES<\/span><\/span><\/li>\n<\/ul>\n<h3><span style=\"color: #800000\">Prodhuesi Modeli Lloji Fuqia n\u00eb KW Viti i prodhimit\u00a0<\/span><\/h3>\n<table class=\"datatable datatable--fixed datatable--treetable\">\n<tbody>\n<tr class=\"datatable__rowth\">\n<th class=\"datatable__header\"><span style=\"color: #000080\">Engine<\/span><\/th>\n<th class=\"datatable__header\"><span style=\"color: #000080\">Engine codes<\/span><\/th>\n<th class=\"datatable__header\"><span style=\"color: #000080\">Production years<\/span><\/th>\n<th class=\"datatable__header\"><span style=\"color: #000080\">kW<\/span><\/th>\n<th class=\"datatable__header\"><span style=\"color: #000080\">hp<\/span><\/th>\n<th class=\"datatable__header\"><span style=\"color: #000080\">ccm<\/span><\/th>\n<th class=\"datatable__header\"><\/th>\n<\/tr>\n<tr class=\"datatable__rowtd datatable__clickable js-clickable-row\" data-url=\"\/en\/Full-offer\/Engine\/Cylinder-head\/Cylinder-head-gasket\/Cylinder-head-gasket\/AJU10055700\/v\/TRUCK_7571\/c\/tecdoc-6200000-6212000-6212020-genart_318\/p\/D93F4C\">\n<td class=\"datatable__item\"><span style=\"color: #800000\">O 302<\/span><\/td>\n<td class=\"datatable__item\"><span style=\"color: #800000\">OM 360.980, OM 360.981, OM 360.985<\/span><\/td>\n<td class=\"datatable__item\"><span style=\"color: #800000\">1969\/05 &#8211; 1974\/12<\/span><\/td>\n<td class=\"datatable__item\"><span style=\"color: #800000\">141<\/span><\/td>\n<td class=\"datatable__item\"><span style=\"color: #800000\">192<\/span><\/td>\n<td class=\"datatable__item\"><span style=\"color: #800000\">8720<\/span><\/td>\n<td class=\"datatable__item datatable__item--withlink\"><\/td>\n<\/tr>\n<tr class=\"datatable__rowtd datatable__clickable js-clickable-row\" data-url=\"\/en\/Full-offer\/Engine\/Cylinder-head\/Cylinder-head-gasket\/Cylinder-head-gasket\/AJU10055700\/v\/TRUCK_7570\/c\/tecdoc-6200000-6212000-6212020-genart_318\/p\/D93F4C\">\n<td class=\"datatable__item\"><span style=\"color: #800000\">O 302<\/span><\/td>\n<td class=\"datatable__item\"><span style=\"color: #800000\">OM 360.916, OM 360.979<\/span><\/td>\n<td class=\"datatable__item\"><span style=\"color: #800000\">1969\/05 &#8211; 1974\/12<\/span><\/td>\n<td class=\"datatable__item\"><span style=\"color: #800000\">125<\/span><\/td>\n<td class=\"datatable__item\"><span style=\"color: #800000\">170<\/span><\/td>\n<td class=\"datatable__item\"><span style=\"color: #800000\">8720<\/span><\/td>\n<td class=\"datatable__item datatable__item--withlink\"><\/td>\n<\/tr>\n<tr class=\"datatable__rowtd datatable__clickable js-clickable-row\" data-url=\"\/en\/Full-offer\/Engine\/Cylinder-head\/Cylinder-head-gasket\/Cylinder-head-gasket\/AJU10055700\/v\/TRUCK_7569\/c\/tecdoc-6200000-6212000-6212020-genart_318\/p\/D93F4C\">\n<td class=\"datatable__item\"><span style=\"color: #800000\">O 302<\/span><\/td>\n<td class=\"datatable__item\"><span style=\"color: #800000\">OM 360.984, OM 360.986<\/span><\/td>\n<td class=\"datatable__item\"><span style=\"color: #800000\">1969\/05 &#8211; 1974\/12<\/span><\/td>\n<td class=\"datatable__item\"><span style=\"color: #800000\">154<\/span><\/td>\n<td class=\"datatable__item\"><span style=\"color: #800000\">210<\/span><\/td>\n<td class=\"datatable__item\"><span style=\"color: #800000\">8720<\/span><\/td>\n<\/tr>\n<\/tbody>\n<\/table>\n<table class=\"datatable datatable--fixed datatable--treetable\">\n<tbody>\n<tr class=\"datatable__rowtd datatable__clickable js-clickable-row\" data-url=\"\/en\/Full-offer\/Engine\/Cylinder-head\/Cylinder-head-gasket\/Cylinder-head-gasket\/AJU10055700\/v\/TRUCK_13228\/c\/tecdoc-6200000-6212000-6212020-genart_318\/p\/D93F4C\">\n<td class=\"datatable__item\"><span style=\"color: #800000\">1617<\/span><\/td>\n<td class=\"datatable__item\"><span style=\"color: #800000\">OM 360.938, OM 360.983, OM 360.962<\/span><\/td>\n<td class=\"datatable__item\"><span style=\"color: #800000\">1983\/01 &#8211; n\/a<\/span><\/td>\n<td class=\"datatable__item\"><span style=\"color: #800000\">125<\/span><\/td>\n<td class=\"datatable__item\"><span style=\"color: #800000\">170<\/span><\/td>\n<td class=\"datatable__item\"><span style=\"color: #800000\">8720<\/span><\/td>\n<td class=\"datatable__item datatable__item--withlink\"><\/td>\n<\/tr>\n<tr class=\"datatable__rowtd datatable__clickable js-clickable-row\" data-url=\"\/en\/Full-offer\/Engine\/Cylinder-head\/Cylinder-head-gasket\/Cylinder-head-gasket\/AJU10055700\/v\/TRUCK_13226\/c\/tecdoc-6200000-6212000-6212020-genart_318\/p\/D93F4C\">\n<td class=\"datatable__item\"><span style=\"color: #800000\">1417<\/span><\/td>\n<td class=\"datatable__item\"><span style=\"color: #800000\">OM 360.938, OM 360.952<\/span><\/td>\n<td class=\"datatable__item\"><span style=\"color: #800000\">1983\/01 &#8211; n\/a<\/span><\/td>\n<td class=\"datatable__item\"><span style=\"color: #800000\">125<\/span><\/td>\n<td class=\"datatable__item\"><span style=\"color: #800000\">170<\/span><\/td>\n<td class=\"datatable__item\"><span style=\"color: #800000\">8720<\/span><\/td>\n<td class=\"datatable__item datatable__item--withlink\"><\/td>\n<\/tr>\n<tr class=\"datatable__rowtd datatable__clickable js-clickable-row\" data-url=\"\/en\/Full-offer\/Engine\/Cylinder-head\/Cylinder-head-gasket\/Cylinder-head-gasket\/AJU10055700\/v\/TRUCK_13224\/c\/tecdoc-6200000-6212000-6212020-genart_318\/p\/D93F4C\">\n<td class=\"datatable__item\"><span style=\"color: #800000\">1317<\/span><\/td>\n<td class=\"datatable__item\"><span style=\"color: #800000\">OM 360.937, OM 360.951<\/span><\/td>\n<td class=\"datatable__item\"><span style=\"color: #800000\">1983\/01 &#8211; n\/a<\/span><\/td>\n<td class=\"datatable__item\"><span style=\"color: #800000\">125<\/span><\/td>\n<td class=\"datatable__item\"><span style=\"color: #800000\">170<\/span><\/td>\n<td class=\"datatable__item\"><span style=\"color: #800000\">8720<\/span><\/td>\n<td class=\"datatable__item datatable__item--withlink\"><\/td>\n<\/tr>\n<tr class=\"datatable__rowtd datatable__clickable js-clickable-row\" data-url=\"\/en\/Full-offer\/Engine\/Cylinder-head\/Cylinder-head-gasket\/Cylinder-head-gasket\/AJU10055700\/v\/TRUCK_13229\/c\/tecdoc-6200000-6212000-6212020-genart_318\/p\/D93F4C\">\n<td class=\"datatable__item\"><span style=\"color: #800000\">1621<\/span><\/td>\n<td class=\"datatable__item\"><span style=\"color: #800000\">OM 360.982<\/span><\/td>\n<td class=\"datatable__item\"><span style=\"color: #800000\">1983\/01 &#8211; n\/a<\/span><\/td>\n<td class=\"datatable__item\"><span style=\"color: #800000\">154<\/span><\/td>\n<td class=\"datatable__item\"><span style=\"color: #800000\">210<\/span><\/td>\n<td class=\"datatable__item\"><span style=\"color: #800000\">8720<\/span><\/td>\n<\/tr>\n<\/tbody>\n<\/table>\n<div class=\"js-toggle toggle\">\n<div class=\"js-toggle-content toggle__content toggle__content--nopadding is-open\"><\/div>\n<\/div>\n","protected":false},"excerpt":{"rendered":"<h3><span style=\"color: #800000\">Guanicion testate\u00a0 <\/span><span style=\"color: #ff0000\">\u2116:<\/span> <span style=\"color: #0000ff\">10055700 <\/span><span class=\"highlight\">\u00a0<img loading=\"lazy\" decoding=\"async\" class=\"brand_image lazyloaded\" title=\"\u039c\u03ac\u03c1\u03ba\u03b1\" src=\"https:\/\/cdn.pkwteile.de\/brands\/thumbs\/147.png?m=2&amp;ccf=15381741\" alt=\"AJUSA \u03a6\u03bb\u03ac\u03bd\u03c4\u03b6\u03b1, \u03ba\u03b5\u03c6\u03b1\u03bb\u03ae \u03ba\u03c5\u03bb\u03af\u03bd\u03b4\u03c1\u03bf\u03c5 \u0391\u03c1\u03b9\u03b8\u03bc\u03cc\u03c2 \u03c0\u03c1\u03bf\u03ca\u03cc\u03bd\u03c4\u03bf\u03c2 10026410\" width=\"164\" height=\"67\" data-srcset=\"https:\/\/cdn.pkwteile.de\/brands\/thumbs\/147.png?m=2&amp;ccf=15381741\" \/>\u00a0 \u00a0 <\/span><\/h3>\n<h3><span class=\"highlight\" style=\"color: #0000ff\">Guanicion testate \u00d8:117mm Mercedes-Benz O-302-O &amp; <\/span><\/h3>\n<h3><span class=\"highlight\" style=\"color: #0000ff\">305 ST Autobus OM 360 Viti.69-74\u00a0<\/span><\/h3>\n<p><span style=\"color: #993300\"><strong>EAN: 8427769213526<\/strong><\/span><\/p>\n<ul class=\"pkw-oem__ul\">\n<li><span style=\"color: #003300\">MERCEDES-BENZ (3270160820)<\/span><\/li>\n<li><span class=\"pkw-oem__link\" style=\"color: #003300\">MERCEDES-BENZ (3600160320)<\/span><\/li>\n<li><span style=\"color: #003300\">MERCEDES-BENZ (3600160520)<\/span><\/li>\n<li><span class=\"pkw-oem__link\" style=\"color: #003300\">MERCEDES-BENZ (A3600160520)<\/span><\/li>\n<\/ul>\n<table class=\"listingcollapsed__wrapper\" data-test=\"listingcollapsed-wrapper\" data-clk-listing-collapsed-items=\"\">\n<tbody class=\"listingcollapsed__item js-toggle toggle js-restrictions-item js-keyboardable-listingitem-collapsed js-multi-toggle-wrapper js-keyboardable-profit-margin js-handle-icons js-marketplace-listitem js-clk-list-item is-focused\" data-test=\"listing-collapsed-item,search-result-row-D93F4C\" data-toggle-open=\"false\" data-url=\"\/en\/Full-offer\/Engine\/Cylinder-head\/Cylinder-head-gasket\/Cylinder-head-gasket\/AJU10055700\/c\/tecdoc-6200000-6212000-6212020-genart_318\/p\/D93F4C\" data-product-code=\"D93F4C\" data-context=\"listing\" data-qa=\"standardProductRow\" data-clk-listing-collapsed-item=\"\">\n<tr class=\"listingcollapsed__moreinfo\">\n<td class=\"listingcollapsed__cell listingcollapsed__cell--relative listingcollapsed__cell--nopadding\" colspan=\"8\">\n<div class=\"\">\n<div class=\"multitoggle js-multi-toggle multitoggle--arrowtoggle multitoggle--\" data-multiple-selection=\"false\" data-default-opener-index=\"0\" data-track-ga-event-tabs=\"true\" data-track-ga-event-category=\"listing\" data-default-active-index=\"\">\n<div class=\"multitoggle__toggle js-multi-toggle-trigger js-onboarding-listing-more js-clk-more-info-trigger\" data-track-ga-event-label=\"D93F4C\" data-track-ga-event-action=\"moreInfo\"><span style=\"color: #800000\">Replacement numbers<\/span><\/div>\n<div class=\"multitoggle__content js-multi-toggle-content is-active\">\n<div class=\"refnumbers\">\n<div class=\"refnumbers__group\">\n<ul class=\"refnumbers__list\">\n<li class=\"refnumbers__item\"><span style=\"color: #800000\"><span class=\"refnumbers__refnumber\">10055700<\/span>\u00a0 \u00a0 \u00a0 <span class=\"refnumbers__manufacturer\">ARTNR_Z_TCD<\/span><\/span><\/li>\n<li class=\"refnumbers__item\"><span style=\"color: #800000\"><span class=\"refnumbers__refnumber\">255.972<\/span>\u00a0 \u00a0 \u00a0 <span class=\"refnumbers__manufacturer\">ELRING<\/span><\/span><\/li>\n<li class=\"refnumbers__item\"><span style=\"color: #800000\"><span class=\"refnumbers__refnumber\">08226<\/span>\u00a0 \u00a0 \u00a0 <span class=\"refnumbers__manufacturer\">GLASER<\/span><\/span><\/li>\n<li class=\"refnumbers__item\"><span style=\"color: #800000\"><span class=\"refnumbers__refnumber\">H08226-00<\/span>\u00a0 \u00a0 \u00a0 <span class=\"refnumbers__manufacturer\">GLASER<\/span><\/span><\/li>\n<li class=\"refnumbers__item\"><span style=\"color: #800000\"><span class=\"refnumbers__refnumber\">30-021491-20<\/span>\u00a0 \u00a0 \u00a0 <span class=\"refnumbers__manufacturer\">GOETZE<\/span><\/span><\/li>\n<li class=\"refnumbers__item\"><span style=\"color: #800000\"><span class=\"refnumbers__refnumber\">0220-01-1089P<\/span>\u00a0 \u00a0 \u00a0<span class=\"refnumbers__manufacturer\">INTER CARS\u00a0<\/span><\/span><\/li>\n<li class=\"refnumbers__item\"><span style=\"color: #800000\"><span class=\"refnumbers__refnumber\">30-021491-20<\/span>\u00a0 \u00a0 \u00a0 <span class=\"refnumbers__manufacturer\">INTER CARS<\/span><\/span><\/li>\n<li class=\"refnumbers__item\"><span style=\"color: #800000\"><span class=\"refnumbers__refnumber\">AS 470<\/span>\u00a0 \u00a0 \u00a0 <span class=\"refnumbers__manufacturer\">PAYEN<\/span><\/span><\/li>\n<li class=\"refnumbers__item\"><span style=\"color: #800000\"><span class=\"refnumbers__refnumber\">61-22895-40<\/span>\u00a0 \u00a0 \u00a0 <span class=\"refnumbers__manufacturer\">VICTOR REINZ<\/span><\/span><\/li>\n<\/ul>\n<div class=\"js-toggle toggle\">\n<div class=\"js-toggle-content toggle__content toggle__content--nopadding is-open\"><\/div>\n<\/div>\n<\/div>\n<\/div>\n<\/div>\n<\/div>\n<\/div>\n<\/td>\n<\/tr>\n<\/tbody>\n<\/table>\n","protected":false},"featured_media":621,"comment_status":"open","ping_status":"closed","template":"","meta":[],"product_cat":[15,34,94,71],"product_tag":[],"class_list":["post-620","product","type-product","status-publish","has-post-thumbnail","hentry","product_cat-pa-kategori","product_cat-ajusa","product_cat-guanicion-testate","product_cat-mercedes-benz"],"_links":{"self":[{"href":"https:\/\/autonardiexpress.com\/shop\/wp-json\/wp\/v2\/product\/620","targetHints":{"allow":["GET"]}}],"collection":[{"href":"https:\/\/autonardiexpress.com\/shop\/wp-json\/wp\/v2\/product"}],"about":[{"href":"https:\/\/autonardiexpress.com\/shop\/wp-json\/wp\/v2\/types\/product"}],"replies":[{"embeddable":true,"href":"https:\/\/autonardiexpress.com\/shop\/wp-json\/wp\/v2\/comments?post=620"}],"wp:featuredmedia":[{"embeddable":true,"href":"https:\/\/autonardiexpress.com\/shop\/wp-json\/wp\/v2\/media\/621"}],"wp:attachment":[{"href":"https:\/\/autonardiexpress.com\/shop\/wp-json\/wp\/v2\/media?parent=620"}],"wp:term":[{"taxonomy":"product_cat","embeddable":true,"href":"https:\/\/autonardiexpress.com\/shop\/wp-json\/wp\/v2\/product_cat?post=620"},{"taxonomy":"product_tag","embeddable":true,"href":"https:\/\/autonardiexpress.com\/shop\/wp-json\/wp\/v2\/product_tag?post=620"}],"curies":[{"name":"wp","href":"https:\/\/api.w.org\/{rel}","templated":true}]}}