{"id":575,"date":"2023-05-18T10:11:53","date_gmt":"2023-05-18T09:11:53","guid":{"rendered":"https:\/\/autonardiexpress.com\/shop\/?post_type=product&#038;p=575"},"modified":"2023-05-18T10:59:39","modified_gmt":"2023-05-18T09:59:39","slug":"kushineta-tensionues-16","status":"publish","type":"product","link":"https:\/\/autonardiexpress.com\/shop\/produkt\/kushineta-tensionues-16\/","title":{"rendered":"Kushineta Tensionues"},"content":{"rendered":"<h1 class=\"product_title entry-title\"><span style=\"color: #993300\">Kushineta Tensionues rripi<\/span><\/h1>\n<h1 class=\"product_title entry-title\"><span style=\"color: #ff0000\">128-09-903 \u00a0\u00a0<a href=\"https:\/\/www.antallaktikaonline.gr\/exartimaton-aftokiniton-kataskeuastes\/ashika\"><img decoding=\"async\" class=\"pkw-product__image-brand\" title=\"A\u03bd\u03c4\u03b1\u03bb\u03bb\u03b1\u03ba\u03c4\u03b9\u03ba\u03ac, \u03c0\u03b5\u03c1\u03b9\u03c0\u03bf\u03af\u03b7\u03c3\u03b7 \u03b1\u03c5\u03c4\u03bf\u03ba\u03b9\u03bd\u03ae\u03c4\u03bf\u03c5 ASHIKA\" src=\"https:\/\/cdn.pkwteile.de\/brands\/thumbs\/10029.png?m=2&amp;ccf=15381741\" alt=\"ASHIKA A\u03bd\u03c4\u03b1\u03bb\u03bb\u03b1\u03ba\u03c4\u03b9\u03ba\u03ac, \u03a0\u03b5\u03c1\u03b9\u03c0\u03bf\u03af\u03b7\u03c3\u03b7 \u03b1\u03c5\u03c4\u03bf\u03ba\u03b9\u03bd\u03ae\u03c4\u03bf\u03c5 \u03b3\u03bd\u03ae\u03c3\u03b9\u03b1 \u03b1\u03bd\u03c4\u03b1\u03bb\u03bb\u03b1\u03ba\u03c4\u03b9\u03ba\u03ac\" \/><\/a><\/span><\/h1>\n<div class=\"pkw-product__rowspan\"><\/div>\n<div class=\"pkw-product__rowspan product_review_popup\" data-type=\"article\" data-articleid=\"8932276\" data-rating=\"0\">\n<h3 class=\"pkw-product__rating\" data-rating=\"0\"><span style=\"color: #993300\">\u0392\u03c1\u03b1\u03c7\u03af\u03bf\u03bd\u03b1\u03c2 \u03c3\u03cd\u03c3\u03c6\u03b9\u03b3\u03be\u03b7\u03c2, \u03b9\u03bc\u03ac\u03bd\u03c4\u03b1\u03c2 poly-V\u00a0 \u00a0 \u00a0 \u00a0 \u00a0 \u00a0 \u00a0 \u00a0 \u00a0 \u00a0 \u00a0 \u00a0 \u00a0 \u00a0 \u00a0 \u00a0 \u00a0 <\/span><\/h3>\n<h3 class=\"pkw-product__rating\" data-rating=\"0\"><span style=\"color: #993300\"> Tensioner pulley, Poly V-belt\u00a0 \u00a0 \u00a0 \u00a0 \u00a0 \u00a0 \u00a0 \u00a0 \u00a0 \u00a0 \u00a0 \u00a0 \u00a0 \u00a0 \u00a0 \u00a0 \u00a0 \u00a0 \u00a0 \u00a0 \u00a0 \u00a0 \u00a0 \u00a0 \u00a0 <\/span><\/h3>\n<h3 class=\"pkw-product__rating\" data-rating=\"0\"><span style=\"color: #993300\"> Rullo tenditore, Cinghia Poly-V\u00a0 \u00a0 \u00a0 \u00a0 \u00a0 \u00a0 \u00a0 \u00a0 \u00a0 \u00a0 \u00a0 \u00a0 \u00a0 \u00a0 \u00a0 \u00a0 \u00a0 \u00a0 \u00a0 \u00a0 \u00a0 \u00a0 \u00a0 <\/span><\/h3>\n<h3 class=\"pkw-product__rating\" data-rating=\"0\"><span style=\"color: #993300\"><span style=\"color: #0000ff\">T\u00eb ngjash\u00ebm me numrat OEM vet\u00ebm p\u00ebr krahasim<\/span>\u00a0 \u00a0 \u00a0 \u00a0 \u00a0 \u00a0 \u00a0<\/span><\/h3>\n<ul class=\"pkw-oem__ul\">\n<li><span style=\"color: #0000ff\">CHRYSLER (04668509AB)<\/span><\/li>\n<li><span style=\"color: #0000ff\">CHRYSLER (04668509AC)<\/span><\/li>\n<li><span style=\"color: #0000ff\">CHRYSLER (4668509AB)<\/span><\/li>\n<li><span style=\"color: #0000ff\">CHRYSLER (4668509AC)<\/span><\/li>\n<li><span style=\"color: #0000ff\">CHRYSLER (4668509AD)<\/span><\/li>\n<li><span style=\"color: #0000ff\">CHRYSLER (4668509AE)\u00a0<\/span><\/li>\n<li>\n<h4><span style=\"color: #0000ff\">Prodhuesi ,Modeli ,Lloji ,Fuqia n\u00eb KW ,Viti i prodhimit\u00a0 \u00a0 \u00a0 \u00a0 \u00a0 \u00a0 \u00a0 \u00a0<\/span><\/h4>\n<ul class=\"pkw-product-models js-ajax-product-compatibility\" data-car-type=\"\">\n<li class=\"pkw-product-maker__line pkw-product-models__line_active\" data-maker-id=\"20\"><span class=\"pkw-product-models__line-name\" style=\"color: #0000ff\">CHRYSLER<\/span>\n<ul class=\"pkw-product-models__list\">\n<li class=\"pkw-product-models__product\"><span style=\"color: #0000ff\"><b class=\"button_dropdown_list\" data-maker=\"20\" data-model=\"874\" data-prod=\"8932276\"><i class=\"icon arrow\"><\/i>CHRYSLER Voyager IV (RG, RS) ( 02.2000 &#8211; 12.2008 , 147 PS)<\/b><\/span><\/li>\n<li class=\"pkw-product-models__product\"><span style=\"color: #0000ff\"><b class=\"button_dropdown_list\" data-maker=\"20\" data-model=\"1456\" data-prod=\"8932276\"><i class=\"icon arrow\"><\/i>CHRYSLER Voyager \/ Grand Voyager III (GS) ( 01.1995 &#8211; 03.2001 , 133 &#8211; 151 PS)<\/b><\/span><\/li>\n<li class=\"pkw-product-models__product\"><span style=\"color: #0000ff\"><b class=\"button_dropdown_list\" data-maker=\"20\" data-model=\"4368\" data-prod=\"8932276\"><i class=\"icon arrow\"><\/i>CHRYSLER Neon II ( 10.2001 &#8211; 12.2006 , 150 PS)<\/b><\/span><\/li>\n<li class=\"pkw-product-models__product\"><span style=\"color: #0000ff\"><b class=\"button_dropdown_list\" data-maker=\"20\" data-model=\"4606\" data-prod=\"8932276\"><i class=\"icon arrow\"><\/i>CHRYSLER PT Cruiser Combi ( 06.2000 &#8211; 12.2010 , 150 &#8211; 223 PS)<\/b><\/span><\/li>\n<li class=\"pkw-product-models__product\"><span style=\"color: #0000ff\"><b class=\"button_dropdown_list\" data-maker=\"20\" data-model=\"5106\" data-prod=\"8932276\"><i class=\"icon arrow\"><\/i>CHRYSLER PT Cruiser Cabrio ( 03.2004 &#8211; 03.2008 , 143 &#8211; 223 PS)<\/b><\/span><\/li>\n<\/ul>\n<\/li>\n<\/ul>\n<\/li>\n<\/ul>\n<\/div>\n","protected":false},"excerpt":{"rendered":"<h1 class=\"product_title entry-title\"><span style=\"color: #993300\">Kushineta Tensionues rripi<\/span><\/h1>\n<h1 class=\"product_title entry-title\"><span style=\"color: #ff0000\">128-09-903 \u00a0\u00a0<a href=\"https:\/\/www.antallaktikaonline.gr\/exartimaton-aftokiniton-kataskeuastes\/ashika\"><img decoding=\"async\" class=\"pkw-product__image-brand\" title=\"A\u03bd\u03c4\u03b1\u03bb\u03bb\u03b1\u03ba\u03c4\u03b9\u03ba\u03ac, \u03c0\u03b5\u03c1\u03b9\u03c0\u03bf\u03af\u03b7\u03c3\u03b7 \u03b1\u03c5\u03c4\u03bf\u03ba\u03b9\u03bd\u03ae\u03c4\u03bf\u03c5 ASHIKA\" src=\"https:\/\/cdn.pkwteile.de\/brands\/thumbs\/10029.png?m=2&amp;ccf=15381741\" alt=\"ASHIKA A\u03bd\u03c4\u03b1\u03bb\u03bb\u03b1\u03ba\u03c4\u03b9\u03ba\u03ac, \u03a0\u03b5\u03c1\u03b9\u03c0\u03bf\u03af\u03b7\u03c3\u03b7 \u03b1\u03c5\u03c4\u03bf\u03ba\u03b9\u03bd\u03ae\u03c4\u03bf\u03c5 \u03b3\u03bd\u03ae\u03c3\u03b9\u03b1 \u03b1\u03bd\u03c4\u03b1\u03bb\u03bb\u03b1\u03ba\u03c4\u03b9\u03ba\u03ac\" \/><\/a><\/span><\/h1>\n<h2 class=\"top-80\"><span style=\"color: #003300\">OE Numbers <button class=\"btn btn-link\" type=\"button\">CHRYSLER<\/button><\/span><\/h2>\n<div class=\"card\">\n<div id=\"ngb-panel-8-header\" class=\"card-header\" role=\"tab\"><\/div>\n<div id=\"ngb-panel-8\" class=\"collapse show\" role=\"tabpanel\" aria-labelledby=\"ngb-panel-8-header\">\n<div class=\"card-body\">\n<h4 class=\"card-body-text\"><span style=\"color: #003300\">04668509AB<\/span><\/h4>\n<h4 class=\"card-body-text\"><span style=\"color: #003300\">04668509AC<\/span><\/h4>\n<h4 class=\"card-body-text\"><span style=\"color: #003300\">04668509AD\u00a0 \u00a0 \u00a0 \u00a0 \u00a0 \u00a0 \u00a0 \u00a0 \u00a0 \u00a0 \u00a0 \u00a0 \u00a0 \u00a0 \u00a0 \u00a0 \u00a0 \u00a0 \u00a0 \u00a0 \u00a0 \u00a0 \u00a0 \u00a0 \u00a0 \u00a0 \u00a0 \u00a0 \u00a0 \u00a0 \u00a0 \u00a0 \u00a0 \u00a0 \u00a0 \u00a0 \u00a0 \u00a0 \u00a0 \u00a0 \u00a0 \u00a0 \u00a0 <\/span><\/h4>\n<h4 class=\"card-body-text\"><span style=\"color: #003300\">EAN :8033001721294\u00a0 \u00a0 \u00a0 \u00a0 \u00a0 \u00a0 \u00a0 \u00a0 \u00a0 \u00a0 \u00a0 \u00a0 \u00a0 \u00a0 \u00a0 \u00a0 \u00a0 \u00a0 \u00a0 \u00a0 \u00a0 \u00a0 \u00a0 \u00a0 \u00a0 \u00a0 \u00a0 \u00a0 \u00a0 \u00a0 \u00a0 \u00a0 \u00a0 \u00a0 \u00a0 \u00a0 <\/span><\/h4>\n<h4 class=\"card-body-text\"><span style=\"color: #003300\"> Kushineta Tensionues \u00d8:70x19x60mm\u00a0 Chrysler\u00a0 Neon Mk 2.0 16V R\/T ,PT Cruizer (PT_) GT 2.4 B &amp; Voyager IV (RG, RS, GS) 2.0i-2.4i\u00a0 Viti.1995-2010 \u00a0 \u00a0 \u00a0 \u00a0 \u00a0 \u00a0 \u00a0 \u00a0 \u00a0 \u00a0 \u00a0 \u00a0 \u00a0 \u00a0 \u00a0 \u00a0 \u00a0 \u00a0 \u00a0 \u00a0 \u00a0 \u00a0 \u00a0 \u00a0 \u00a0 \u00a0 \u00a0 \u00a0 \u00a0 \u00a0 \u00a0 \u00a0 \u00a0 \u00a0 \u00a0<\/span><\/h4>\n<h4 class=\"card-body-text\"><span style=\"color: #003300\">Cross references :<\/span><\/h4>\n<ul class=\"refnumbers__list\">\n<li class=\"refnumbers__item\"><span style=\"color: #000080\"><span class=\"refnumbers__refnumber\">VKM 38602\u00a0 <\/span> SKF <\/span><\/li>\n<li class=\"refnumbers__item\"><span style=\"color: #000080\">601832\u00a0 \u00a0<span class=\"refnumbers__manufacturer\">AUTEX<\/span><\/span><\/li>\n<li class=\"refnumbers__item\"><span style=\"color: #000080\"><span class=\"refnumbers__refnumber\">TOA3524<\/span>\u00a0 \u00a0<span class=\"refnumbers__manufacturer\">BREDA LORETT<\/span><\/span><\/li>\n<li class=\"refnumbers__item\"><span style=\"color: #000080\"><span class=\"refnumbers__refnumber\">APV2319<\/span>\u00a0 \u00a0<span class=\"refnumbers__manufacturer\">DAYCO<\/span><\/span><\/li>\n<li class=\"refnumbers__item\"><span style=\"color: #000080\"><span class=\"refnumbers__refnumber\">FS99285<\/span>\u00a0 \u00a0<span class=\"refnumbers__manufacturer\">FLENNOR<\/span><\/span><\/li>\n<li class=\"refnumbers__item\"><span style=\"color: #000080\"><span class=\"refnumbers__refnumber\">T38176<\/span>\u00a0 \u00a0<span class=\"refnumbers__manufacturer\">GATES<\/span><\/span><\/li>\n<li class=\"refnumbers__item\"><span style=\"color: #000080\"><span class=\"refnumbers__refnumber\">T0550<\/span>\u00a0 \u00a0<span class=\"refnumbers__manufacturer\">HUTCHINSON<\/span><\/span><\/li>\n<li class=\"refnumbers__item\"><span style=\"color: #000080\"><span class=\"refnumbers__refnumber\">534 0137 30<\/span>\u00a0 \u00a0<span class=\"refnumbers__manufacturer\">INA<\/span><\/span><\/li>\n<li class=\"refnumbers__item\"><span style=\"color: #000080\"><span class=\"refnumbers__refnumber\">EVR58603<\/span>\u00a0 \u00a0<span class=\"refnumbers__manufacturer\">INTER CARS\u00a0<\/span><\/span><\/li>\n<li class=\"refnumbers__item\"><span style=\"color: #000080\"><span class=\"refnumbers__refnumber\">GAT38176<\/span>\u00a0 \u00a0<span class=\"refnumbers__manufacturer\">INTER CARS <\/span><\/span><\/li>\n<li class=\"refnumbers__item\"><span style=\"color: #000080\"><span class=\"refnumbers__refnumber\">TS-903<\/span>\u00a0 \u00a0<span class=\"refnumbers__manufacturer\">JAPANPARTS<\/span><\/span><\/li>\n<li class=\"refnumbers__item\"><span style=\"color: #000080\"><span class=\"refnumbers__refnumber\">128903<\/span>\u00a0 \u00a0<span class=\"refnumbers__manufacturer\">JAPKO<\/span><\/span><\/li>\n<li class=\"refnumbers__item\"><span style=\"color: #000080\"><span class=\"refnumbers__refnumber\">LA0293<\/span>\u00a0 \u00a0<span class=\"refnumbers__manufacturer\">LUCAS<\/span><\/span><\/li>\n<li class=\"refnumbers__item\"><span style=\"color: #000080\"><span class=\"refnumbers__refnumber\">0-N1555<\/span>\u00a0 \u00a0<span class=\"refnumbers__manufacturer\">OPTIMAL<\/span><\/span><\/li>\n<li class=\"refnumbers__item\"><span style=\"color: #000080\"><span class=\"refnumbers__refnumber\">QTA1326<\/span>\u00a0 \u00a0<\/span><span class=\"refnumbers__manufacturer\"><span style=\"color: #000080\">QUINTON HAZELL<\/span><br \/>\n<\/span><\/li>\n<\/ul>\n<div class=\"js-toggle toggle\">\n<div class=\"js-toggle-content toggle__content toggle__content--nopadding is-open\"><\/div>\n<\/div>\n<\/div>\n<\/div>\n<\/div>\n","protected":false},"featured_media":576,"comment_status":"open","ping_status":"closed","template":"","meta":[],"product_cat":[36,108,91],"product_tag":[],"class_list":["post-575","product","type-product","status-publish","has-post-thumbnail","hentry","product_cat-ashika","product_cat-chrysler","product_cat-kushineta-tensionues"],"_links":{"self":[{"href":"https:\/\/autonardiexpress.com\/shop\/wp-json\/wp\/v2\/product\/575","targetHints":{"allow":["GET"]}}],"collection":[{"href":"https:\/\/autonardiexpress.com\/shop\/wp-json\/wp\/v2\/product"}],"about":[{"href":"https:\/\/autonardiexpress.com\/shop\/wp-json\/wp\/v2\/types\/product"}],"replies":[{"embeddable":true,"href":"https:\/\/autonardiexpress.com\/shop\/wp-json\/wp\/v2\/comments?post=575"}],"wp:featuredmedia":[{"embeddable":true,"href":"https:\/\/autonardiexpress.com\/shop\/wp-json\/wp\/v2\/media\/576"}],"wp:attachment":[{"href":"https:\/\/autonardiexpress.com\/shop\/wp-json\/wp\/v2\/media?parent=575"}],"wp:term":[{"taxonomy":"product_cat","embeddable":true,"href":"https:\/\/autonardiexpress.com\/shop\/wp-json\/wp\/v2\/product_cat?post=575"},{"taxonomy":"product_tag","embeddable":true,"href":"https:\/\/autonardiexpress.com\/shop\/wp-json\/wp\/v2\/product_tag?post=575"}],"curies":[{"name":"wp","href":"https:\/\/api.w.org\/{rel}","templated":true}]}}