{"id":182,"date":"2021-05-25T14:37:04","date_gmt":"2021-05-25T13:37:04","guid":{"rendered":"https:\/\/autonardiexpress.com\/shop\/?post_type=product&#038;p=182"},"modified":"2021-05-27T14:03:51","modified_gmt":"2021-05-27T13:03:51","slug":"testate-motorri","status":"publish","type":"product","link":"https:\/\/autonardiexpress.com\/shop\/produkt\/testate-motorri\/","title":{"rendered":"Testat\u00eb motorri"},"content":{"rendered":"","protected":false},"excerpt":{"rendered":"<p><strong>T\u00ebstat\u00eb motorri<\/strong> Mitsubishi Space Gear 2.4i B 16V 4&#215;4 GDI Tip.4G64 Vit.95-07<\/p>\n<p><strong>Kodi Artikull<\/strong> TSCH-013 <strong>Mitsubishi<\/strong><\/p>\n<p><strong><em>OE MD305479<\/em><\/strong>.\u00a0<em>Cylinder Head<\/em>\u00a0For Mitsubish 4G63 4G64 16V SOHC Engine.<\/p>\n<p>Mitsubishi Pajero 1993\u20131998. Mitsubishi Delica 1995\u20132006. Mitsubishi RVR\u00a0&#8230;<\/p>\n","protected":false},"featured_media":183,"comment_status":"open","ping_status":"closed","template":"","meta":[],"product_cat":[56,51,60],"product_tag":[],"class_list":["post-182","product","type-product","status-publish","has-post-thumbnail","hentry","product_cat-mitsubishi","product_cat-testata-motorri","product_cat-trans"],"_links":{"self":[{"href":"https:\/\/autonardiexpress.com\/shop\/wp-json\/wp\/v2\/product\/182","targetHints":{"allow":["GET"]}}],"collection":[{"href":"https:\/\/autonardiexpress.com\/shop\/wp-json\/wp\/v2\/product"}],"about":[{"href":"https:\/\/autonardiexpress.com\/shop\/wp-json\/wp\/v2\/types\/product"}],"replies":[{"embeddable":true,"href":"https:\/\/autonardiexpress.com\/shop\/wp-json\/wp\/v2\/comments?post=182"}],"wp:featuredmedia":[{"embeddable":true,"href":"https:\/\/autonardiexpress.com\/shop\/wp-json\/wp\/v2\/media\/183"}],"wp:attachment":[{"href":"https:\/\/autonardiexpress.com\/shop\/wp-json\/wp\/v2\/media?parent=182"}],"wp:term":[{"taxonomy":"product_cat","embeddable":true,"href":"https:\/\/autonardiexpress.com\/shop\/wp-json\/wp\/v2\/product_cat?post=182"},{"taxonomy":"product_tag","embeddable":true,"href":"https:\/\/autonardiexpress.com\/shop\/wp-json\/wp\/v2\/product_tag?post=182"}],"curies":[{"name":"wp","href":"https:\/\/api.w.org\/{rel}","templated":true}]}}